Last updated on 2025-05-01 01:49:29 CEST.
Flavor | Version | Tinstall | Tcheck | Ttotal | Status | Flags |
---|---|---|---|---|---|---|
r-devel-linux-x86_64-debian-clang | 0.1.1 | 43.14 | 127.18 | 170.32 | NOTE | |
r-devel-linux-x86_64-debian-gcc | 0.1.1 | 32.09 | 117.49 | 149.58 | NOTE | |
r-devel-linux-x86_64-fedora-clang | 0.1.1 | 286.03 | NOTE | |||
r-devel-linux-x86_64-fedora-gcc | 0.1.1 | 358.37 | NOTE | |||
r-devel-windows-x86_64 | 0.1.1 | 55.00 | 180.00 | 235.00 | NOTE | |
r-patched-linux-x86_64 | 0.1.1 | 45.06 | 175.05 | 220.11 | NOTE | |
r-release-linux-x86_64 | 0.1.1 | 44.50 | 176.13 | 220.63 | NOTE | |
r-release-macos-arm64 | 0.1.1 | 172.00 | NOTE | |||
r-release-macos-x86_64 | 0.1.1 | 254.00 | NOTE | |||
r-release-windows-x86_64 | 0.1.1 | 56.00 | 181.00 | 237.00 | NOTE | |
r-oldrel-macos-arm64 | 0.1.1 | 122.00 | NOTE | |||
r-oldrel-macos-x86_64 | 0.1.1 | 173.00 | NOTE | |||
r-oldrel-windows-x86_64 | 0.1.1 | 63.00 | 254.00 | 317.00 | NOTE |
Version: 0.1.1
Check: CRAN incoming feasibility
Result: NOTE
Maintainer: ‘Gentry White <gentry.white@qut.edu.au>’
The Description field contains
in G. White, D. Sun, P. Speckman (2019) <arXiv:1906.05575>. The basic
Please refer to arXiv e-prints via their arXiv DOI <doi:10.48550/arXiv.YYMM.NNNNN>.
Flavors: r-devel-linux-x86_64-debian-clang, r-devel-linux-x86_64-debian-gcc
Version: 0.1.1
Check: C++ specification
Result: NOTE
Specified C++11: please drop specification unless essential
Flavors: r-devel-linux-x86_64-debian-clang, r-devel-linux-x86_64-debian-gcc, r-devel-linux-x86_64-fedora-clang, r-devel-linux-x86_64-fedora-gcc, r-devel-windows-x86_64, r-patched-linux-x86_64, r-release-linux-x86_64, r-release-macos-arm64, r-release-macos-x86_64, r-release-windows-x86_64, r-oldrel-macos-arm64, r-oldrel-macos-x86_64, r-oldrel-windows-x86_64
Version: 0.1.1
Check: examples
Result: NOTE
Examples with CPU (user + system) or elapsed time > 5s
user system elapsed
plot.dsspMod 4.825 0.305 6.238
Flavor: r-devel-linux-x86_64-debian-clang
Version: 0.1.1
Check: examples
Result: NA
user system elapsed
plot.dsspMod 3.891 0.144 5.047
OK
Flavor: r-devel-linux-x86_64-debian-gcc