Last updated on 2024-05-21 02:01:59 CEST.
Flavor | Version | Tinstall | Tcheck | Ttotal | Status | Flags |
---|---|---|---|---|---|---|
r-devel-linux-x86_64-debian-clang | 1.2.1 | 6.04 | 317.99 | 324.03 | OK | |
r-devel-linux-x86_64-debian-gcc | 1.2.1 | 3.41 | 220.33 | 223.74 | OK | |
r-devel-linux-x86_64-fedora-clang | 1.2.1 | 376.85 | NOTE | |||
r-devel-linux-x86_64-fedora-gcc | 1.2.1 | 373.29 | OK | |||
r-devel-windows-x86_64 | 1.2.1 | 5.00 | 235.00 | 240.00 | NOTE | |
r-patched-linux-x86_64 | 1.2.1 | 6.26 | 289.55 | 295.81 | OK | |
r-release-linux-x86_64 | 1.2.1 | 6.42 | 291.09 | 297.51 | OK | |
r-release-macos-arm64 | 1.2.1 | 86.00 | NOTE | |||
r-release-macos-x86_64 | 1.2.1 | 362.00 | NOTE | |||
r-release-windows-x86_64 | 1.2.1 | 6.00 | 229.00 | 235.00 | NOTE | |
r-oldrel-macos-arm64 | 1.2.1 | 100.00 | NOTE | |||
r-oldrel-macos-x86_64 | 1.2.1 | 358.00 | NOTE | |||
r-oldrel-windows-x86_64 | 1.2.1 | 7.00 | 273.00 | 280.00 | NOTE |
Version: 1.2.1
Check: installed package size
Result: NOTE
installed size is 7.1Mb
sub-directories of 1Mb or more:
doc 4.8Mb
extdata 2.1Mb
Flavors: r-devel-linux-x86_64-fedora-clang, r-devel-windows-x86_64, r-release-macos-arm64, r-release-macos-x86_64, r-release-windows-x86_64, r-oldrel-macos-arm64, r-oldrel-macos-x86_64, r-oldrel-windows-x86_64