Last updated on 2025-10-27 02:49:22 CET.
| Flavor | Version | Tinstall | Tcheck | Ttotal | Status | Flags |
|---|---|---|---|---|---|---|
| r-devel-linux-x86_64-debian-clang | 1.0-2 | 6.19 | 47.22 | 53.41 | OK | |
| r-devel-linux-x86_64-debian-gcc | 1.0-2 | 4.30 | 34.29 | 38.59 | OK | |
| r-devel-linux-x86_64-fedora-clang | 1.0-2 | 14.00 | 67.89 | 81.89 | OK | |
| r-devel-linux-x86_64-fedora-gcc | 1.0-2 | 13.00 | 62.95 | 75.95 | OK | |
| r-devel-windows-x86_64 | 1.0-2 | 8.00 | 60.00 | 68.00 | OK | |
| r-patched-linux-x86_64 | 1.0-2 | 6.40 | 44.91 | 51.31 | OK | |
| r-release-linux-x86_64 | 1.0-2 | 5.62 | 44.62 | 50.24 | OK | |
| r-release-macos-arm64 | 1.0-2 | 3.00 | 25.00 | 28.00 | OK | |
| r-release-macos-x86_64 | 1.0-2 | 7.00 | 44.00 | 51.00 | OK | |
| r-release-windows-x86_64 | 1.0-2 | 7.00 | 62.00 | 69.00 | OK | |
| r-oldrel-macos-arm64 | 1.0-2 | 3.00 | 30.00 | 33.00 | NOTE | |
| r-oldrel-macos-x86_64 | 1.0-2 | 5.00 | 43.00 | 48.00 | NOTE | |
| r-oldrel-windows-x86_64 | 1.0-2 | 10.00 | 73.00 | 83.00 | NOTE |
Version: 1.0-2
Check: package dependencies
Result: NOTE
Package which this enhances but not available for checking: ‘gurobi’
Flavors: r-oldrel-macos-arm64, r-oldrel-macos-x86_64, r-oldrel-windows-x86_64