Last updated on 2025-02-18 01:50:40 CET.
Flavor | Version | Tinstall | Tcheck | Ttotal | Status | Flags |
---|---|---|---|---|---|---|
r-devel-linux-x86_64-debian-clang | 1.2-4 | 16.89 | 103.03 | 119.92 | NOTE | |
r-devel-linux-x86_64-debian-gcc | 1.2-4 | 10.00 | 67.81 | 77.81 | NOTE | |
r-devel-linux-x86_64-fedora-clang | 1.2-4 | 197.08 | OK | |||
r-devel-linux-x86_64-fedora-gcc | 1.2-4 | 183.01 | OK | |||
r-devel-macos-arm64 | 1.2-4 | 45.00 | OK | |||
r-devel-macos-x86_64 | 1.2-4 | 89.00 | OK | |||
r-devel-windows-x86_64 | 1.2-4 | 16.00 | 124.00 | 140.00 | NOTE | |
r-patched-linux-x86_64 | 1.2-4 | 18.98 | 96.08 | 115.06 | OK | |
r-release-linux-x86_64 | 1.2-4 | 15.26 | 96.10 | 111.36 | OK | |
r-release-macos-arm64 | 1.2-4 | 45.00 | OK | |||
r-release-macos-x86_64 | 1.2-4 | 74.00 | OK | |||
r-release-windows-x86_64 | 1.2-4 | 17.00 | 116.00 | 133.00 | OK | |
r-oldrel-macos-arm64 | 1.2-4 | 51.00 | OK | |||
r-oldrel-macos-x86_64 | 1.2-4 | 133.00 | OK | |||
r-oldrel-windows-x86_64 | 1.2-4 | 22.00 | 153.00 | 175.00 | OK |
Version: 1.2-4
Check: Rd cross-references
Result: NOTE
Found the following Rd file(s) with Rd \link{} targets missing package
anchors:
corrPlot.Rd: levelplot
fac.design.Rd: factorize
Please provide package anchors for all Rd \link{} targets not in the
package itself and the base packages.
Flavors: r-devel-linux-x86_64-debian-clang, r-devel-linux-x86_64-debian-gcc, r-devel-windows-x86_64