Last updated on 2025-05-01 01:49:29 CEST.
Flavor | Version | Tinstall | Tcheck | Ttotal | Status | Flags |
---|---|---|---|---|---|---|
r-devel-linux-x86_64-debian-clang | 1.3-1 | 13.67 | 555.53 | 569.20 | NOTE | |
r-devel-linux-x86_64-debian-gcc | 1.3-1 | 9.27 | 373.09 | 382.36 | OK | |
r-devel-linux-x86_64-fedora-clang | 1.3-1 | 1012.59 | OK | |||
r-devel-linux-x86_64-fedora-gcc | 1.3-1 | 1012.98 | OK | |||
r-devel-windows-x86_64 | 1.3-1 | 17.00 | 571.00 | 588.00 | OK | |
r-patched-linux-x86_64 | 1.3-1 | 11.46 | 524.81 | 536.27 | OK | |
r-release-linux-x86_64 | 1.3-1 | 10.48 | 525.66 | 536.14 | OK | |
r-release-macos-arm64 | 1.3-1 | 325.00 | OK | |||
r-release-macos-x86_64 | 1.3-1 | 510.00 | OK | |||
r-release-windows-x86_64 | 1.3-1 | 18.00 | 580.00 | 598.00 | OK | |
r-oldrel-macos-arm64 | 1.3-1 | 250.00 | OK | |||
r-oldrel-macos-x86_64 | 1.3-1 | 452.00 | OK | |||
r-oldrel-windows-x86_64 | 1.3-1 | 20.00 | 743.00 | 763.00 | OK |
Version: 1.3-1
Check: examples
Result: NOTE
Examples with CPU (user + system) or elapsed time > 5s
user system elapsed
bMCTtest 5.081 0.102 6.995
Flavor: r-devel-linux-x86_64-debian-clang
Version: 1.3-1
Check: examples
Result: NA
user system elapsed
bMCTtest 3.799 0.164 5.881
OK
Flavor: r-devel-linux-x86_64-debian-gcc