Last updated on 2025-10-22 01:51:22 CEST.
Flavor | Version | Tinstall | Tcheck | Ttotal | Status | Flags |
---|---|---|---|---|---|---|
r-devel-linux-x86_64-debian-clang | 0.12 | 17.28 | 135.40 | 152.68 | NOTE | |
r-devel-linux-x86_64-debian-gcc | 0.12 | 12.36 | 90.20 | 102.56 | NOTE | |
r-devel-linux-x86_64-fedora-clang | 0.12 | 38.00 | 192.04 | 230.04 | OK | |
r-devel-linux-x86_64-fedora-gcc | 0.12 | 35.00 | 182.62 | 217.62 | OK | |
r-devel-windows-x86_64 | 0.12 | 18.00 | 162.00 | 180.00 | OK | |
r-patched-linux-x86_64 | 0.12 | 15.71 | 123.67 | 139.38 | OK | |
r-release-linux-x86_64 | 0.12 | 16.24 | 125.07 | 141.31 | OK | |
r-release-macos-arm64 | 0.12 | 8.00 | 51.00 | 59.00 | OK | |
r-release-macos-x86_64 | 0.12 | 16.00 | 98.00 | 114.00 | OK | |
r-release-windows-x86_64 | 0.12 | 21.00 | 165.00 | 186.00 | OK | |
r-oldrel-macos-arm64 | 0.12 | 7.00 | 45.00 | 52.00 | OK | |
r-oldrel-macos-x86_64 | 0.12 | 11.00 | 69.00 | 80.00 | OK | |
r-oldrel-windows-x86_64 | 0.12 | 25.00 | 203.00 | 228.00 | OK |
Version: 0.12
Check: CRAN incoming feasibility
Result: NOTE
Maintainer: ‘Dinesh Acharya <dines.acharya@gmail.com>’
No Authors@R field in DESCRIPTION.
Please add one, modifying
Authors@R: person(given = "Dinesh",
family = "Acharya",
role = c("aut", "cre"),
email = "dines.acharya@gmail.com")
as necessary.
Flavors: r-devel-linux-x86_64-debian-clang, r-devel-linux-x86_64-debian-gcc