CRAN Package Check Results for Package EAinference

Last updated on 2025-05-06 02:50:17 CEST.

Flavor Version Tinstall Tcheck Ttotal Status Flags
r-devel-linux-x86_64-debian-clang 0.2.3 27.07 211.79 238.86 NOTE
r-devel-linux-x86_64-debian-gcc 0.2.3 17.68 146.66 164.34 NOTE
r-devel-linux-x86_64-fedora-clang 0.2.3 407.75 NOTE
r-devel-linux-x86_64-fedora-gcc 0.2.3 381.94 NOTE
r-devel-windows-x86_64 0.2.3 33.00 207.00 240.00 NOTE
r-patched-linux-x86_64 0.2.3 26.92 201.52 228.44 NOTE
r-release-linux-x86_64 0.2.3 27.07 200.82 227.89 NOTE
r-release-macos-arm64 0.2.3 115.00 NOTE
r-release-macos-x86_64 0.2.3 250.00 NOTE
r-release-windows-x86_64 0.2.3 34.00 206.00 240.00 NOTE
r-oldrel-macos-arm64 0.2.3 85.00 NOTE
r-oldrel-macos-x86_64 0.2.3 158.00 NOTE
r-oldrel-windows-x86_64 0.2.3 42.00 267.00 309.00 NOTE

Check Details

Version: 0.2.3
Check: CRAN incoming feasibility
Result: NOTE Maintainer: ‘Seunghyun Min <seunghyun@ucla.edu>’ The Description field contains <arXiv:1401.4425v2> and Zhou, Q. and Min, S. (2017) Please refer to arXiv e-prints via their arXiv DOI <doi:10.48550/arXiv.YYMM.NNNNN>. Flavors: r-devel-linux-x86_64-debian-clang, r-devel-linux-x86_64-debian-gcc

Version: 0.2.3
Check: Rd files
Result: NOTE checkRd: (-1) MHLS.Rd:48-51: Lost braces in \itemize; meant \describe ? checkRd: (-1) MHLS.Rd:52: Lost braces in \itemize; meant \describe ? checkRd: (-1) MHLS.Rd:53-54: Lost braces in \itemize; meant \describe ? checkRd: (-1) MHLS.Rd:55-56: Lost braces in \itemize; meant \describe ? checkRd: (-1) MHLS.Rd:75: Lost braces; missing escapes or markup? 75 | From the initial values, \code{B0} and {S0}, \code{\link{MHLS}} draws \code{beta} and \code{subgrad} samples. | ^ Flavors: r-devel-linux-x86_64-debian-clang, r-devel-linux-x86_64-debian-gcc, r-devel-linux-x86_64-fedora-clang, r-devel-linux-x86_64-fedora-gcc, r-devel-windows-x86_64, r-patched-linux-x86_64, r-release-linux-x86_64, r-release-macos-arm64, r-release-macos-x86_64, r-release-windows-x86_64, r-oldrel-macos-arm64, r-oldrel-macos-x86_64, r-oldrel-windows-x86_64

Version: 0.2.3
Check: LazyData
Result: NOTE 'LazyData' is specified without a 'data' directory Flavors: r-oldrel-macos-arm64, r-oldrel-macos-x86_64, r-oldrel-windows-x86_64