Last updated on 2025-11-20 03:50:07 CET.
| Flavor | Version | Tinstall | Tcheck | Ttotal | Status | Flags |
|---|---|---|---|---|---|---|
| r-devel-linux-x86_64-debian-clang | 1.0.1 | 1.71 | 19.95 | 21.66 | OK | |
| r-devel-linux-x86_64-debian-gcc | 1.0.1 | 1.42 | 16.74 | 18.16 | OK | |
| r-devel-linux-x86_64-fedora-clang | 1.0.1 | 33.12 | OK | |||
| r-devel-linux-x86_64-fedora-gcc | 1.0.1 | 31.27 | OK | |||
| r-devel-windows-x86_64 | 1.0.1 | 4.00 | 36.00 | 40.00 | OK | |
| r-patched-linux-x86_64 | 1.0.1 | 1.75 | 18.82 | 20.57 | OK | |
| r-release-linux-x86_64 | 1.0.1 | 1.72 | 18.83 | 20.55 | OK | |
| r-release-macos-arm64 | 1.0.1 | OK | ||||
| r-release-macos-x86_64 | 1.0.1 | 2.00 | 26.00 | 28.00 | OK | |
| r-release-windows-x86_64 | 1.0.1 | 4.00 | 35.00 | 39.00 | OK | |
| r-oldrel-macos-arm64 | 1.0.1 | NOTE | ||||
| r-oldrel-macos-x86_64 | 1.0.1 | 2.00 | 19.00 | 21.00 | NOTE | |
| r-oldrel-windows-x86_64 | 1.0.1 | 4.00 | 38.00 | 42.00 | NOTE |
Version: 1.0.1
Check: LazyData
Result: NOTE
'LazyData' is specified without a 'data' directory
Flavors: r-oldrel-macos-arm64, r-oldrel-macos-x86_64, r-oldrel-windows-x86_64