Last updated on 2024-05-21 02:02:01 CEST.
Flavor | Version | Tinstall | Tcheck | Ttotal | Status | Flags |
---|---|---|---|---|---|---|
r-devel-linux-x86_64-debian-clang | 0.1.0 | 3.70 | 57.07 | 60.77 | OK | |
r-devel-linux-x86_64-debian-gcc | 0.1.0 | 2.11 | 43.10 | 45.21 | OK | |
r-devel-linux-x86_64-fedora-clang | 0.1.0 | 75.21 | OK | |||
r-devel-linux-x86_64-fedora-gcc | 0.1.0 | 83.03 | OK | |||
r-devel-windows-x86_64 | 0.1.0 | 4.00 | 70.00 | 74.00 | OK | |
r-patched-linux-x86_64 | 0.1.0 | 3.37 | 55.01 | 58.38 | OK | |
r-release-linux-x86_64 | 0.1.0 | 2.12 | 53.94 | 56.06 | OK | |
r-release-macos-arm64 | 0.1.0 | 35.00 | OK | |||
r-release-windows-x86_64 | 0.1.0 | 4.00 | 70.00 | 74.00 | OK | |
r-oldrel-macos-arm64 | 0.1.0 | 36.00 | OK | |||
r-oldrel-macos-x86_64 | 0.1.0 | 53.00 | NOTE | |||
r-oldrel-windows-x86_64 | 0.1.0 | 5.00 | 80.00 | 85.00 | OK |
Version: 0.1.0
Check: package dependencies
Result: NOTE
Package suggested but not available for checking: ‘PerformanceAnalytics’
Flavor: r-oldrel-macos-x86_64