Last updated on 2024-05-11 01:50:36 CEST.
Flavor | Version | Tinstall | Tcheck | Ttotal | Status | Flags |
---|---|---|---|---|---|---|
r-devel-linux-x86_64-debian-clang | 4.1.3 | 13.53 | 161.64 | 175.17 | OK | |
r-devel-linux-x86_64-debian-gcc | 4.1.3 | 11.32 | 115.15 | 126.47 | OK | |
r-devel-linux-x86_64-fedora-clang | 4.1.3 | 211.85 | NOTE | |||
r-devel-linux-x86_64-fedora-gcc | 4.1.3 | 214.67 | NOTE | |||
r-devel-windows-x86_64 | 4.1.3 | 14.00 | 131.00 | 145.00 | OK | |
r-patched-linux-x86_64 | 4.1.3 | 10.05 | 148.04 | 158.09 | OK | |
r-release-linux-x86_64 | 4.1.3 | 9.24 | 149.25 | 158.49 | OK | |
r-release-macos-arm64 | 4.1.3 | 69.00 | OK | |||
r-release-windows-x86_64 | 4.1.3 | 14.00 | 131.00 | 145.00 | OK | |
r-oldrel-macos-arm64 | 4.1.3 | 69.00 | OK | |||
r-oldrel-macos-x86_64 | 4.1.3 | 103.00 | OK | |||
r-oldrel-windows-x86_64 | 4.1.3 | 17.00 | 166.00 | 183.00 | OK |
Version: 4.1.3
Check: dependencies in R code
Result: NOTE
Namespace in Imports field not imported from: ‘metadat’
All declared Imports should be used.
Flavors: r-devel-linux-x86_64-fedora-clang, r-devel-linux-x86_64-fedora-gcc