Last updated on 2025-02-14 02:49:42 CET.
Flavor | Version | Tinstall | Tcheck | Ttotal | Status | Flags |
---|---|---|---|---|---|---|
r-devel-linux-x86_64-debian-clang | 1.2.0 | 15.06 | 72.71 | 87.77 | OK | |
r-devel-linux-x86_64-debian-gcc | 1.2.0 | 9.26 | 46.02 | 55.28 | OK | |
r-devel-linux-x86_64-fedora-clang | 1.2.0 | 147.32 | OK | |||
r-devel-linux-x86_64-fedora-gcc | 1.2.0 | 133.01 | OK | |||
r-devel-windows-x86_64 | 1.2.0 | 16.00 | 77.00 | 93.00 | OK | |
r-patched-linux-x86_64 | 1.2.0 | 14.51 | 65.61 | 80.12 | NOTE | |
r-release-linux-x86_64 | 1.2.0 | 12.06 | 65.72 | 77.78 | NOTE | |
r-release-macos-arm64 | 1.2.0 | 32.00 | NOTE | |||
r-release-macos-x86_64 | 1.2.0 | 59.00 | NOTE | |||
r-release-windows-x86_64 | 1.2.0 | 15.00 | 77.00 | 92.00 | NOTE | |
r-oldrel-macos-arm64 | 1.2.0 | 37.00 | NOTE | |||
r-oldrel-macos-x86_64 | 1.2.0 | 61.00 | NOTE | |||
r-oldrel-windows-x86_64 | 1.2.0 | 20.00 | 102.00 | 122.00 | NOTE |
Version: 1.2.0
Check: LazyData
Result: NOTE
'LazyData' is specified without a 'data' directory
Flavors: r-patched-linux-x86_64, r-release-linux-x86_64, r-release-macos-arm64, r-release-macos-x86_64, r-release-windows-x86_64, r-oldrel-macos-arm64, r-oldrel-macos-x86_64, r-oldrel-windows-x86_64