CRAN Package Check Results for Package EnergyOnlineCPM

Last updated on 2025-05-05 01:50:46 CEST.

Flavor Version Tinstall Tcheck Ttotal Status Flags
r-devel-linux-x86_64-debian-clang 1.0 2.10 23.04 25.14 NOTE
r-devel-linux-x86_64-debian-gcc 1.0 1.64 18.95 20.59 NOTE
r-devel-linux-x86_64-fedora-clang 1.0 41.29 OK
r-devel-linux-x86_64-fedora-gcc 1.0 40.89 OK
r-devel-windows-x86_64 1.0 3.00 41.00 44.00 OK
r-patched-linux-x86_64 1.0 2.01 22.68 24.69 OK
r-release-linux-x86_64 1.0 1.98 22.57 24.55 OK
r-release-macos-arm64 1.0 33.00 OK
r-release-macos-x86_64 1.0 53.00 OK
r-release-windows-x86_64 1.0 3.00 43.00 46.00 OK
r-oldrel-macos-arm64 1.0 30.00 OK
r-oldrel-macos-x86_64 1.0 45.00 OK
r-oldrel-windows-x86_64 1.0 3.00 47.00 50.00 OK

Check Details

Version: 1.0
Check: CRAN incoming feasibility
Result: NOTE Maintainer: ‘Yafei Xu <yafei.xu@hotmail.de>’ No Authors@R field in DESCRIPTION. Please add one, modifying Authors@R: person(given = "Yafei", family = "Xu", role = c("aut", "cre"), email = "yafei.xu@hotmail.de") as necessary. Flavors: r-devel-linux-x86_64-debian-clang, r-devel-linux-x86_64-debian-gcc