Last updated on 2025-04-30 01:50:18 CEST.
Flavor | Version | Tinstall | Tcheck | Ttotal | Status | Flags |
---|---|---|---|---|---|---|
r-devel-linux-x86_64-debian-clang | 2.4-2 | 6.14 | 78.08 | 84.22 | OK | |
r-devel-linux-x86_64-debian-gcc | 2.4-2 | 4.52 | 56.92 | 61.44 | OK | |
r-devel-linux-x86_64-fedora-clang | 2.4-2 | 124.16 | NOTE | |||
r-devel-linux-x86_64-fedora-gcc | 2.4-2 | 133.31 | NOTE | |||
r-devel-windows-x86_64 | 2.4-2 | 8.00 | 141.00 | 149.00 | OK | |
r-patched-linux-x86_64 | 2.4-2 | 6.33 | 72.83 | 79.16 | OK | |
r-release-linux-x86_64 | 2.4-2 | 6.36 | 72.77 | 79.13 | OK | |
r-release-macos-arm64 | 2.4-2 | 54.00 | OK | |||
r-release-macos-x86_64 | 2.4-2 | 79.00 | OK | |||
r-release-windows-x86_64 | 2.4-2 | 8.00 | 143.00 | 151.00 | OK | |
r-oldrel-macos-arm64 | 2.4-2 | 40.00 | OK | |||
r-oldrel-macos-x86_64 | 2.4-2 | 69.00 | OK | |||
r-oldrel-windows-x86_64 | 2.4-2 | 9.00 | 184.00 | 193.00 | OK |
Version: 2.4-2
Check: dependencies in R code
Result: NOTE
Namespace in Imports field not imported from: ‘tibble’
All declared Imports should be used.
Flavors: r-devel-linux-x86_64-fedora-clang, r-devel-linux-x86_64-fedora-gcc