CRAN Package Check Results for Package EpiForsk

Last updated on 2025-05-02 01:51:55 CEST.

Flavor Version Tinstall Tcheck Ttotal Status Flags
r-devel-linux-x86_64-debian-clang 0.1.1 16.79 137.16 153.95 NOTE
r-devel-linux-x86_64-debian-gcc 0.1.1 9.44 95.08 104.52 NOTE
r-devel-linux-x86_64-fedora-clang 0.1.1 252.57 OK
r-devel-linux-x86_64-fedora-gcc 0.1.1 237.98 OK
r-devel-windows-x86_64 0.1.1 15.00 139.00 154.00 NOTE
r-patched-linux-x86_64 0.1.1 16.04 125.31 141.35 NOTE
r-release-linux-x86_64 NOTE
r-release-macos-arm64 0.1.1 62.00 OK
r-release-macos-x86_64 0.1.1 133.00 OK
r-release-windows-x86_64 0.1.1 15.00 136.00 151.00 NOTE
r-oldrel-macos-arm64 0.1.1 67.00 OK
r-oldrel-macos-x86_64 0.1.1 103.00 OK
r-oldrel-windows-x86_64 0.1.1 20.00 184.00 204.00 OK

Check Details

Version: 0.1.1
Check: Rd cross-references
Result: NOTE Found the following Rd file(s) with Rd \link{} targets missing package anchors: DiscreteCovariatesToOneHot.Rd: dplyr_tidy_select charlson_score.Rd: dplyr_data_masking flatten_date_intervals.Rd: dplyr_tidy_select, dplyr_data_masking lms.Rd: dplyr_data_masking Please provide package anchors for all Rd \link{} targets not in the package itself and the base packages. Flavors: r-devel-linux-x86_64-debian-clang, r-devel-linux-x86_64-debian-gcc, r-devel-windows-x86_64, r-patched-linux-x86_64, r-release-linux-x86_64, r-release-windows-x86_64

Version: 0.1.1
Check: examples
Result: NOTE Examples with CPU (user + system) or elapsed time > 5s user system elapsed fct_confint 4.592 0.166 5.714 Flavor: r-devel-linux-x86_64-debian-clang