CRAN Package Check Results for Package EpiSimR

Last updated on 2025-04-30 02:50:38 CEST.

Flavor Version Tinstall Tcheck Ttotal Status Flags
r-devel-linux-x86_64-debian-clang 1.1 5.62 49.52 55.14 NOTE
r-devel-linux-x86_64-debian-gcc 1.1 4.06 37.16 41.22 NOTE
r-devel-linux-x86_64-fedora-clang 1.1 88.10 OK
r-devel-linux-x86_64-fedora-gcc 1.1 96.63 OK
r-devel-windows-x86_64 1.1 7.00 63.00 70.00 OK
r-patched-linux-x86_64 1.1 5.32 44.96 50.28 OK
r-release-linux-x86_64 1.1 4.91 44.49 49.40 OK
r-release-macos-arm64 1.1 41.00 OK
r-release-macos-x86_64 1.1 61.00 OK
r-release-windows-x86_64 1.1 7.00 63.00 70.00 OK
r-oldrel-macos-arm64 1.1 38.00 OK
r-oldrel-macos-x86_64 1.1 66.00 OK
r-oldrel-windows-x86_64 1.1 9.00 113.00 122.00 OK

Check Details

Version: 1.1
Check: DESCRIPTION meta-information
Result: NOTE Author field differs from that derived from Authors@R Author: ‘Nassim AYAD [aut, cre] (<https://orcid.org/0000-0002-1809-0935>, Laboratory of Modeling and Biostatistics, Pasteur Institute of Algeria)’ Authors@R: ‘Nassim AYAD [aut, cre] (ORCID: <https://orcid.org/0000-0002-1809-0935>, affiliation: Laboratory of Modeling and Biostatistics, Pasteur Institute of Algeria)’ Flavors: r-devel-linux-x86_64-debian-clang, r-devel-linux-x86_64-debian-gcc