Last updated on 2025-05-05 01:50:46 CEST.
Flavor | Version | Tinstall | Tcheck | Ttotal | Status | Flags |
---|---|---|---|---|---|---|
r-devel-linux-x86_64-debian-clang | 0.1.2 | 2.63 | 20.23 | 22.86 | NOTE | |
r-devel-linux-x86_64-debian-gcc | 0.1.2 | 2.00 | 15.77 | 17.77 | NOTE | |
r-devel-linux-x86_64-fedora-clang | 0.1.2 | 36.92 | OK | |||
r-devel-linux-x86_64-fedora-gcc | 0.1.2 | 34.69 | OK | |||
r-devel-windows-x86_64 | 0.1.2 | 4.00 | 39.00 | 43.00 | OK | |
r-patched-linux-x86_64 | 0.1.2 | 2.75 | 19.73 | 22.48 | OK | |
r-release-linux-x86_64 | 0.1.2 | 2.80 | 19.33 | 22.13 | OK | |
r-release-macos-arm64 | 0.1.2 | 18.00 | OK | |||
r-release-macos-x86_64 | 0.1.2 | 25.00 | OK | |||
r-release-windows-x86_64 | 0.1.2 | 3.00 | 40.00 | 43.00 | OK | |
r-oldrel-macos-arm64 | 0.1.2 | 15.00 | NOTE | |||
r-oldrel-macos-x86_64 | 0.1.2 | 23.00 | NOTE | |||
r-oldrel-windows-x86_64 | 0.1.2 | 4.00 | 44.00 | 48.00 | NOTE |
Version: 0.1.2
Check: CRAN incoming feasibility
Result: NOTE
Maintainer: ‘Bilge Baser <bilge.baser@msgsu.edu.tr>’
No Authors@R field in DESCRIPTION.
Please add one, modifying
Authors@R: person(given = "Bilge",
family = "Baser",
role = c("aut", "cre"),
email = "bilge.baser@msgsu.edu.tr")
as necessary.
Flavors: r-devel-linux-x86_64-debian-clang, r-devel-linux-x86_64-debian-gcc
Version: 0.1.2
Check: LazyData
Result: NOTE
'LazyData' is specified without a 'data' directory
Flavors: r-oldrel-macos-arm64, r-oldrel-macos-x86_64, r-oldrel-windows-x86_64