Last updated on 2025-11-20 03:50:08 CET.
| Flavor | Version | Tinstall | Tcheck | Ttotal | Status | Flags |
|---|---|---|---|---|---|---|
| r-devel-linux-x86_64-debian-clang | 3.3 | 5.12 | 36.58 | 41.70 | OK | |
| r-devel-linux-x86_64-debian-gcc | 3.3 | 3.32 | 26.77 | 30.09 | OK | |
| r-devel-linux-x86_64-fedora-clang | 3.3 | 12.00 | 55.86 | 67.86 | OK | |
| r-devel-linux-x86_64-fedora-gcc | 3.3 | 13.00 | 50.28 | 63.28 | OK | |
| r-devel-windows-x86_64 | 3.3 | 8.00 | 50.00 | 58.00 | OK | |
| r-patched-linux-x86_64 | 3.3 | 4.27 | 34.45 | 38.72 | OK | |
| r-release-linux-x86_64 | 3.3 | 4.42 | 34.30 | 38.72 | OK | |
| r-release-macos-arm64 | 3.3 | OK | ||||
| r-release-macos-x86_64 | 3.3 | 4.00 | 33.00 | 37.00 | OK | |
| r-release-windows-x86_64 | 3.3 | 7.00 | 49.00 | 56.00 | OK | |
| r-oldrel-macos-arm64 | 3.3 | NOTE | ||||
| r-oldrel-macos-x86_64 | 3.3 | 7.00 | 69.00 | 76.00 | NOTE | |
| r-oldrel-windows-x86_64 | 3.3 | 12.00 | 54.00 | 66.00 | NOTE |
Version: 3.3
Check: package dependencies
Result: NOTE
Package suggested but not available for checking: ‘ExactData’
Flavors: r-oldrel-macos-arm64, r-oldrel-macos-x86_64, r-oldrel-windows-x86_64