Last updated on 2025-05-05 01:50:46 CEST.
Flavor | Version | Tinstall | Tcheck | Ttotal | Status | Flags |
---|---|---|---|---|---|---|
r-devel-linux-x86_64-debian-clang | 0.2.0 | 1.64 | 45.10 | 46.74 | OK | |
r-devel-linux-x86_64-debian-gcc | 0.2.0 | 1.87 | 33.47 | 35.34 | OK | |
r-devel-linux-x86_64-fedora-clang | 0.2.0 | 75.66 | OK | |||
r-devel-linux-x86_64-fedora-gcc | 0.2.0 | 89.80 | OK | |||
r-devel-windows-x86_64 | 0.2.0 | 4.00 | 74.00 | 78.00 | OK | |
r-patched-linux-x86_64 | 0.2.0 | 1.91 | 44.28 | 46.19 | OK | |
r-release-linux-x86_64 | 0.2.0 | 1.76 | 43.42 | 45.18 | OK | |
r-release-macos-arm64 | 0.2.0 | 44.00 | OK | |||
r-release-macos-x86_64 | 0.2.0 | 66.00 | OK | |||
r-release-windows-x86_64 | 0.2.0 | 4.00 | 76.00 | 80.00 | OK | |
r-oldrel-macos-arm64 | 0.2.0 | 31.00 | NOTE | |||
r-oldrel-macos-x86_64 | 0.2.0 | 52.00 | NOTE | |||
r-oldrel-windows-x86_64 | 0.2.0 | 5.00 | 86.00 | 91.00 | NOTE |
Version: 0.2.0
Check: LazyData
Result: NOTE
'LazyData' is specified without a 'data' directory
Flavors: r-oldrel-macos-arm64, r-oldrel-macos-x86_64, r-oldrel-windows-x86_64