Last updated on 2025-10-21 01:48:31 CEST.
Flavor | Version | Tinstall | Tcheck | Ttotal | Status | Flags |
---|---|---|---|---|---|---|
r-devel-linux-x86_64-debian-clang | 2.1.0 | 20.02 | 368.79 | 388.81 | OK | |
r-devel-linux-x86_64-debian-gcc | 2.1.0 | 15.05 | 244.93 | 259.98 | NOTE | |
r-devel-linux-x86_64-fedora-clang | 2.1.0 | 602.62 | OK | |||
r-devel-linux-x86_64-fedora-gcc | 2.1.0 | 613.66 | OK | |||
r-devel-windows-x86_64 | 2.1.0 | 22.00 | 356.00 | 378.00 | OK | |
r-patched-linux-x86_64 | 2.1.0 | 21.67 | 351.46 | 373.13 | OK | |
r-release-linux-x86_64 | 2.1.0 | 19.87 | 350.59 | 370.46 | OK | |
r-release-macos-arm64 | 2.1.0 | 167.00 | OK | |||
r-release-macos-x86_64 | 2.1.0 | 321.00 | OK | |||
r-release-windows-x86_64 | 2.1.0 | 22.00 | 356.00 | 378.00 | OK | |
r-oldrel-macos-arm64 | 2.1.0 | 153.00 | OK | |||
r-oldrel-macos-x86_64 | 2.1.0 | 276.00 | OK | |||
r-oldrel-windows-x86_64 | 2.1.0 | 32.00 | 457.00 | 489.00 | OK |
Version: 2.1.0
Check: HTML version of manual
Result: NOTE
Found the following HTML validation problems:
fact_clean.html:54:1 (fact_clean.Rd:14): Warning: missing </ul> before </div>
Flavor: r-devel-linux-x86_64-debian-gcc