Last updated on 2025-05-08 01:51:03 CEST.
Flavor | Version | Tinstall | Tcheck | Ttotal | Status | Flags |
---|---|---|---|---|---|---|
r-devel-linux-x86_64-debian-clang | 1.0 | 19.58 | 26.45 | 46.03 | NOTE | |
r-devel-linux-x86_64-debian-gcc | 1.0 | 17.23 | 20.96 | 38.19 | NOTE | |
r-devel-linux-x86_64-fedora-clang | 1.0 | 88.69 | NOTE | |||
r-devel-linux-x86_64-fedora-gcc | 1.0 | 91.09 | NOTE | |||
r-devel-windows-x86_64 | 1.0 | 28.00 | 66.00 | 94.00 | NOTE | |
r-patched-linux-x86_64 | 1.0 | 23.46 | 25.44 | 48.90 | NOTE | |
r-release-linux-x86_64 | 1.0 | 25.65 | 25.48 | 51.13 | NOTE | |
r-release-macos-arm64 | 1.0 | 28.00 | NOTE | |||
r-release-macos-x86_64 | 1.0 | 41.00 | NOTE | |||
r-release-windows-x86_64 | 1.0 | 29.00 | 65.00 | 94.00 | NOTE | |
r-oldrel-macos-arm64 | 1.0 | 27.00 | NOTE | |||
r-oldrel-macos-x86_64 | 1.0 | 47.00 | NOTE | |||
r-oldrel-windows-x86_64 | 1.0 | 34.00 | 81.00 | 115.00 | NOTE |
Version: 1.0
Check: C++ specification
Result: NOTE
Specified C++11: please drop specification unless essential
Flavors: r-devel-linux-x86_64-debian-clang, r-devel-linux-x86_64-debian-gcc, r-devel-linux-x86_64-fedora-clang, r-devel-linux-x86_64-fedora-gcc, r-devel-windows-x86_64, r-patched-linux-x86_64, r-release-linux-x86_64, r-release-macos-arm64, r-release-macos-x86_64, r-release-windows-x86_64, r-oldrel-macos-arm64, r-oldrel-macos-x86_64, r-oldrel-windows-x86_64