Last updated on 2025-02-10 01:48:20 CET.
Flavor | Version | Tinstall | Tcheck | Ttotal | Status | Flags |
---|---|---|---|---|---|---|
r-devel-linux-x86_64-debian-clang | 0.1.4 | 21.77 | 18.83 | 40.60 | OK | |
r-devel-linux-x86_64-debian-gcc | 0.1.4 | 15.69 | 17.58 | 33.27 | OK | |
r-devel-linux-x86_64-fedora-clang | 0.1.4 | 66.69 | OK | |||
r-devel-linux-x86_64-fedora-gcc | 0.1.4 | 77.60 | OK | |||
r-devel-windows-x86_64 | 0.1.4 | 23.00 | 44.00 | 67.00 | OK | |
r-patched-linux-x86_64 | 0.1.4 | 24.59 | 20.10 | 44.69 | OK | |
r-release-linux-x86_64 | 0.1.4 | 23.44 | 20.27 | 43.71 | OK | |
r-release-macos-arm64 | 0.1.4 | 25.00 | NOTE | |||
r-release-macos-x86_64 | 0.1.4 | 47.00 | NOTE | |||
r-release-windows-x86_64 | 0.1.4 | 23.00 | 47.00 | 70.00 | OK | |
r-oldrel-macos-arm64 | 0.1.4 | 30.00 | NOTE | |||
r-oldrel-macos-x86_64 | 0.1.4 | 54.00 | NOTE | |||
r-oldrel-windows-x86_64 | 0.1.4 | 28.00 | 66.00 | 94.00 | OK |
Version: 0.1.4
Check: installed package size
Result: NOTE
installed size is 11.2Mb
sub-directories of 1Mb or more:
libs 11.1Mb
Flavors: r-release-macos-arm64, r-release-macos-x86_64, r-oldrel-macos-arm64, r-oldrel-macos-x86_64