Last updated on 2025-05-06 02:50:18 CEST.
Flavor | Version | Tinstall | Tcheck | Ttotal | Status | Flags |
---|---|---|---|---|---|---|
r-devel-linux-x86_64-debian-clang | 0.5.0 | 1.88 | 21.40 | 23.28 | OK | |
r-devel-linux-x86_64-debian-gcc | 0.5.0 | 1.68 | 17.19 | 18.87 | OK | |
r-devel-linux-x86_64-fedora-clang | 0.5.0 | 38.19 | OK | |||
r-devel-linux-x86_64-fedora-gcc | 0.5.0 | 35.17 | OK | |||
r-devel-windows-x86_64 | 0.5.0 | 3.00 | 42.00 | 45.00 | OK | |
r-patched-linux-x86_64 | 0.5.0 | 2.21 | 20.52 | 22.73 | OK | |
r-release-linux-x86_64 | 0.5.0 | 1.78 | 20.37 | 22.15 | OK | |
r-release-macos-arm64 | 0.5.0 | 17.00 | OK | |||
r-release-macos-x86_64 | 0.5.0 | 27.00 | OK | |||
r-release-windows-x86_64 | 0.5.0 | 4.00 | 43.00 | 47.00 | OK | |
r-oldrel-macos-arm64 | 0.5.0 | 16.00 | NOTE | |||
r-oldrel-macos-x86_64 | 0.5.0 | 24.00 | NOTE | |||
r-oldrel-windows-x86_64 | 0.5.0 | 5.00 | 48.00 | 53.00 | NOTE |
Version: 0.5.0
Check: LazyData
Result: NOTE
'LazyData' is specified without a 'data' directory
Flavors: r-oldrel-macos-arm64, r-oldrel-macos-x86_64, r-oldrel-windows-x86_64