Last updated on 2024-05-21 02:02:02 CEST.
Flavor | Version | Tinstall | Tcheck | Ttotal | Status | Flags |
---|---|---|---|---|---|---|
r-devel-linux-x86_64-debian-clang | 1.0.1 | 37.55 | 36.07 | 73.62 | OK | |
r-devel-linux-x86_64-debian-gcc | 1.0.1 | 31.33 | 27.73 | 59.06 | OK | |
r-devel-linux-x86_64-fedora-clang | 1.0.1 | 104.75 | OK | |||
r-devel-linux-x86_64-fedora-gcc | 1.0.1 | 101.77 | OK | |||
r-devel-windows-x86_64 | 1.0.1 | 33.00 | 72.00 | 105.00 | OK | |
r-patched-linux-x86_64 | 1.0.1 | 39.44 | 35.73 | 75.17 | OK | |
r-release-linux-x86_64 | 1.0.1 | 34.76 | 35.30 | 70.06 | OK | |
r-release-macos-arm64 | 1.0.1 | 32.00 | NOTE | |||
r-release-windows-x86_64 | 1.0.1 | 33.00 | 71.00 | 104.00 | OK | |
r-oldrel-macos-arm64 | 1.0.1 | 34.00 | OK | |||
r-oldrel-macos-x86_64 | 1.0.1 | 50.00 | NOTE | |||
r-oldrel-windows-x86_64 | 1.0.1 | 34.00 | 78.00 | 112.00 | OK |
Version: 1.0.1
Check: installed package size
Result: NOTE
installed size is 5.2Mb
sub-directories of 1Mb or more:
data 2.6Mb
libs 2.5Mb
Flavors: r-release-macos-arm64, r-oldrel-macos-x86_64