Last updated on 2025-05-10 02:49:43 CEST.
Flavor | Version | Tinstall | Tcheck | Ttotal | Status | Flags |
---|---|---|---|---|---|---|
r-devel-linux-x86_64-debian-clang | 1.2.0 | 18.96 | 106.47 | 125.43 | NOTE | |
r-devel-linux-x86_64-debian-gcc | 1.2.0 | 12.77 | 73.84 | 86.61 | NOTE | |
r-devel-linux-x86_64-fedora-clang | 1.2.0 | 197.22 | OK | |||
r-devel-linux-x86_64-fedora-gcc | 1.2.0 | 187.76 | OK | |||
r-devel-windows-x86_64 | 1.2.0 | 17.00 | 104.00 | 121.00 | OK | |
r-patched-linux-x86_64 | 1.2.0 | 18.07 | 101.24 | 119.31 | OK | |
r-release-linux-x86_64 | 1.2.0 | 16.56 | 101.80 | 118.36 | OK | |
r-release-macos-arm64 | 1.2.0 | 50.00 | OK | |||
r-release-macos-x86_64 | 1.2.0 | 112.00 | OK | |||
r-release-windows-x86_64 | 1.2.0 | 18.00 | 106.00 | 124.00 | OK | |
r-oldrel-macos-arm64 | 1.2.0 | 50.00 | OK | |||
r-oldrel-macos-x86_64 | 1.2.0 | 92.00 | OK | |||
r-oldrel-windows-x86_64 | 1.2.0 | 24.00 | 137.00 | 161.00 | OK |
Version: 1.2.0
Check: CRAN incoming feasibility
Result: NOTE
Maintainer: ‘Naoki Egami <negami@princeton.edu>’
No Authors@R field in DESCRIPTION.
Please add one, modifying
Authors@R: c(person(given = "Naoki",
family = "Egami",
role = c("aut", "cre"),
email = "negami@princeton.edu"),
person(given = "Marc",
family = "Ratkovic",
role = "aut"),
person(given = "Kosuke",
family = "Imai",
role = "aut"))
as necessary.
Flavors: r-devel-linux-x86_64-debian-clang, r-devel-linux-x86_64-debian-gcc