Last updated on 2025-10-26 01:49:49 CEST.
| Flavor | Version | Tinstall | Tcheck | Ttotal | Status | Flags |
|---|---|---|---|---|---|---|
| r-devel-linux-x86_64-debian-clang | 1.1.4 | 131.86 | 78.67 | 210.53 | OK | |
| r-devel-linux-x86_64-debian-gcc | 1.1.4 | 110.57 | 56.97 | 167.54 | OK | |
| r-devel-linux-x86_64-fedora-clang | 1.1.4 | 227.00 | 158.78 | 385.78 | OK | |
| r-devel-linux-x86_64-fedora-gcc | 1.1.4 | 309.00 | 149.82 | 458.82 | OK | |
| r-devel-windows-x86_64 | 1.1.4 | 180.00 | 127.00 | 307.00 | OK | |
| r-patched-linux-x86_64 | 1.1.4 | 159.82 | 77.95 | 237.77 | OK | |
| r-release-linux-x86_64 | 1.1.4 | 166.19 | 79.45 | 245.64 | OK | |
| r-release-macos-arm64 | 1.1.4 | 60.00 | 46.00 | 106.00 | OK | |
| r-release-macos-x86_64 | 1.1.4 | 44.00 | 91.00 | 135.00 | OK | |
| r-release-windows-x86_64 | 1.1.4 | 186.00 | 128.00 | 314.00 | OK | |
| r-oldrel-macos-arm64 | 1.1.4 | 58.00 | 39.00 | 97.00 | NOTE | |
| r-oldrel-macos-x86_64 | 1.1.4 | 43.00 | 64.00 | 107.00 | NOTE | |
| r-oldrel-windows-x86_64 | 1.1.4 | 212.00 | 161.00 | 373.00 | NOTE |
Version: 1.1.4
Check: installed package size
Result: NOTE
installed size is 29.9Mb
sub-directories of 1Mb or more:
lib 10.6Mb
libs 18.9Mb
Flavors: r-oldrel-macos-arm64, r-oldrel-macos-x86_64, r-oldrel-windows-x86_64