Last updated on 2025-02-17 01:50:24 CET.
Flavor | Version | Tinstall | Tcheck | Ttotal | Status | Flags |
---|---|---|---|---|---|---|
r-devel-linux-x86_64-debian-clang | 1.1.4 | 136.54 | 75.67 | 212.21 | OK | |
r-devel-linux-x86_64-debian-gcc | 1.1.4 | 118.18 | 54.46 | 172.64 | OK | |
r-devel-linux-x86_64-fedora-clang | 1.1.4 | 401.82 | OK | |||
r-devel-linux-x86_64-fedora-gcc | 1.1.4 | 461.47 | OK | |||
r-devel-macos-arm64 | 1.1.4 | 96.00 | OK | |||
r-devel-macos-x86_64 | 1.1.4 | 132.00 | OK | |||
r-devel-windows-x86_64 | 1.1.4 | 168.00 | 125.00 | 293.00 | OK | |
r-patched-linux-x86_64 | 1.1.4 | 160.93 | 74.48 | 235.41 | OK | |
r-release-linux-x86_64 | 1.1.4 | 164.01 | 74.42 | 238.43 | OK | |
r-release-macos-arm64 | 1.1.4 | 97.00 | NOTE | |||
r-release-macos-x86_64 | 1.1.4 | 107.00 | NOTE | |||
r-release-windows-x86_64 | 1.1.4 | 173.00 | 131.00 | 304.00 | NOTE | |
r-oldrel-macos-arm64 | 1.1.4 | 120.00 | NOTE | |||
r-oldrel-macos-x86_64 | 1.1.4 | 213.00 | NOTE | |||
r-oldrel-windows-x86_64 | 1.1.4 | 203.00 | 144.00 | 347.00 | NOTE |
Version: 1.1.4
Check: installed package size
Result: NOTE
installed size is 29.9Mb
sub-directories of 1Mb or more:
lib 10.6Mb
libs 18.9Mb
Flavors: r-release-macos-arm64, r-release-macos-x86_64, r-release-windows-x86_64, r-oldrel-macos-arm64, r-oldrel-macos-x86_64, r-oldrel-windows-x86_64