Last updated on 2025-05-07 01:49:57 CEST.
Flavor | Version | Tinstall | Tcheck | Ttotal | Status | Flags |
---|---|---|---|---|---|---|
r-devel-linux-x86_64-debian-clang | 0.2.2 | 9.52 | 76.33 | 85.85 | NOTE | |
r-devel-linux-x86_64-debian-gcc | 0.2.2 | 6.93 | 58.74 | 65.67 | NOTE | |
r-devel-linux-x86_64-fedora-clang | 0.2.2 | 140.81 | OK | |||
r-devel-linux-x86_64-fedora-gcc | 0.2.2 | 132.04 | OK | |||
r-devel-windows-x86_64 | 0.2.2 | 10.00 | 79.00 | 89.00 | OK | |
r-patched-linux-x86_64 | 0.2.2 | 8.24 | 73.42 | 81.66 | OK | |
r-release-linux-x86_64 | 0.2.2 | 9.13 | 74.15 | 83.28 | OK | |
r-release-macos-arm64 | 0.2.2 | 45.00 | OK | |||
r-release-macos-x86_64 | 0.2.2 | 81.00 | OK | |||
r-release-windows-x86_64 | 0.2.2 | 10.00 | 79.00 | 89.00 | OK | |
r-oldrel-macos-arm64 | 0.2.2 | 37.00 | OK | |||
r-oldrel-macos-x86_64 | 0.2.2 | 59.00 | OK | |||
r-oldrel-windows-x86_64 | 0.2.2 | 13.00 | 101.00 | 114.00 | OK |
Version: 0.2.2
Check: CRAN incoming feasibility
Result: NOTE
Maintainer: ‘Zhicheng Du <dgdzc@hotmail.com>’
No Authors@R field in DESCRIPTION.
Please add one, modifying
Authors@R: c(person(given = "Zhicheng",
family = "Du",
role = c("aut", "cre"),
email = "dgdzc@hotmail.com"),
person(given = "Yuantao",
family = "Hao",
role = "aut"))
as necessary.
Flavors: r-devel-linux-x86_64-debian-clang, r-devel-linux-x86_64-debian-gcc