Last updated on 2025-05-09 01:50:05 CEST.
Flavor | Version | Tinstall | Tcheck | Ttotal | Status | Flags |
---|---|---|---|---|---|---|
r-devel-linux-x86_64-debian-clang | 1.0.1 | 8.75 | 71.53 | 80.28 | OK | |
r-devel-linux-x86_64-debian-gcc | 1.0.1 | 6.52 | 54.01 | 60.53 | OK | |
r-devel-linux-x86_64-fedora-clang | 1.0.1 | 116.98 | NOTE | |||
r-devel-linux-x86_64-fedora-gcc | 1.0.1 | 167.39 | NOTE | |||
r-devel-windows-x86_64 | 1.0.1 | 11.00 | 81.00 | 92.00 | OK | |
r-patched-linux-x86_64 | 1.0.1 | 9.12 | 69.86 | 78.98 | OK | |
r-release-linux-x86_64 | 1.0.1 | 6.32 | 69.39 | 75.71 | OK | |
r-release-macos-arm64 | 1.0.1 | 51.00 | OK | |||
r-release-macos-x86_64 | 1.0.1 | 123.00 | OK | |||
r-release-windows-x86_64 | 1.0.1 | 10.00 | 82.00 | 92.00 | OK | |
r-oldrel-macos-arm64 | 1.0.1 | 50.00 | NOTE | |||
r-oldrel-macos-x86_64 | 1.0.1 | 104.00 | NOTE | |||
r-oldrel-windows-x86_64 | 1.0.1 | 14.00 | 100.00 | 114.00 | NOTE |
Version: 1.0.1
Check: dependencies in R code
Result: NOTE
Namespace in Imports field not imported from: ‘decomposedPSF’
All declared Imports should be used.
Flavors: r-devel-linux-x86_64-fedora-clang, r-devel-linux-x86_64-fedora-gcc
Version: 1.0.1
Check: LazyData
Result: NOTE
'LazyData' is specified without a 'data' directory
Flavors: r-oldrel-macos-arm64, r-oldrel-macos-x86_64, r-oldrel-windows-x86_64