Last updated on 2024-05-21 02:02:02 CEST.
Flavor | Version | Tinstall | Tcheck | Ttotal | Status | Flags |
---|---|---|---|---|---|---|
r-devel-linux-x86_64-debian-clang | 1.0 | 9.48 | 82.68 | 92.16 | NOTE | |
r-devel-linux-x86_64-debian-gcc | 1.0 | 7.68 | 56.14 | 63.82 | NOTE | |
r-devel-linux-x86_64-fedora-clang | 1.0 | 108.40 | NOTE | |||
r-devel-linux-x86_64-fedora-gcc | 1.0 | 103.78 | NOTE | |||
r-devel-windows-x86_64 | 1.0 | 8.00 | 81.00 | 89.00 | NOTE | |
r-patched-linux-x86_64 | 1.0 | 9.42 | 78.08 | 87.50 | NOTE | |
r-release-linux-x86_64 | 1.0 | 7.78 | 77.09 | 84.87 | NOTE | |
r-release-macos-arm64 | 1.0 | 30.00 | OK | |||
r-release-windows-x86_64 | 1.0 | 8.00 | 83.00 | 91.00 | NOTE | |
r-oldrel-macos-arm64 | 1.0 | 31.00 | OK | |||
r-oldrel-macos-x86_64 | 1.0 | 51.00 | OK | |||
r-oldrel-windows-x86_64 | 1.0 | 7.00 | 94.00 | 101.00 | OK |
Version: 1.0
Check: HTML version of manual
Result: NOTE
Found the following HTML validation problems:
FuzzyNumberList.html:76:1 (FuzzyNumberList.Rd:285): Warning: trimming empty <ul>
TrapezoidalFuzzyNumberList.html:118:1 (TrapezoidalFuzzyNumberList.Rd:572): Warning: trimming empty <ul>
Flavors: r-devel-linux-x86_64-debian-clang, r-devel-linux-x86_64-debian-gcc, r-devel-linux-x86_64-fedora-clang, r-devel-linux-x86_64-fedora-gcc, r-devel-windows-x86_64, r-patched-linux-x86_64, r-release-linux-x86_64, r-release-windows-x86_64