CRAN Package Check Results for Package G2Sd

Last updated on 2025-05-06 02:50:19 CEST.

Flavor Version Tinstall Tcheck Ttotal Status Flags
r-devel-linux-x86_64-debian-clang 2.1.5 11.54 92.68 104.22 NOTE
r-devel-linux-x86_64-debian-gcc 2.1.5 9.37 70.14 79.51 NOTE
r-devel-linux-x86_64-fedora-clang 2.1.5 161.71 OK
r-devel-linux-x86_64-fedora-gcc 2.1.5 164.30 OK
r-devel-windows-x86_64 2.1.5 14.00 89.00 103.00 OK
r-patched-linux-x86_64 2.1.5 11.09 89.58 100.67 OK
r-release-linux-x86_64 2.1.5 11.95 90.27 102.22 OK
r-release-macos-arm64 2.1.5 65.00 OK
r-release-macos-x86_64 2.1.5 77.00 OK
r-release-windows-x86_64 2.1.5 12.00 90.00 102.00 OK
r-oldrel-macos-arm64 2.1.5 42.00 OK
r-oldrel-macos-x86_64 2.1.5 64.00 OK
r-oldrel-windows-x86_64 2.1.5 15.00 109.00 124.00 OK

Check Details

Version: 2.1.5
Check: CRAN incoming feasibility
Result: NOTE Maintainer: ‘Regis K. Gallon <reg.gallon@gmail.com>’ No Authors@R field in DESCRIPTION. Please add one, modifying Authors@R: c(person(given = c("Regis", "K."), family = "Gallon", role = c("aut", "cre"), email = "reg.gallon@gmail.com", comment = "MNHN"), person(given = "Jerome", family = "Fournier", role = "aut", comment = c(ROR = "CNRS|MNHN"))) as necessary. Package CITATION file contains call(s) to old-style personList() or as.personList(). Please use c() on person objects instead. Package CITATION file contains call(s) to old-style citEntry(). Please use bibentry() instead. Flavors: r-devel-linux-x86_64-debian-clang, r-devel-linux-x86_64-debian-gcc