Last updated on 2025-05-04 02:50:06 CEST.
Flavor | Version | Tinstall | Tcheck | Ttotal | Status | Flags |
---|---|---|---|---|---|---|
r-devel-linux-x86_64-debian-clang | 1.2.2 | 13.26 | 44.38 | 57.64 | NOTE | |
r-devel-linux-x86_64-debian-gcc | 1.2.2 | 10.13 | 33.77 | 43.90 | NOTE | |
r-devel-linux-x86_64-fedora-clang | 1.2.2 | 93.41 | NOTE | |||
r-devel-linux-x86_64-fedora-gcc | 1.2.2 | 91.71 | NOTE | |||
r-devel-windows-x86_64 | 1.2.2 | 16.00 | 94.00 | 110.00 | OK | |
r-patched-linux-x86_64 | 1.2.2 | 13.94 | 42.21 | 56.15 | OK | |
r-release-linux-x86_64 | OK | |||||
r-release-macos-arm64 | 1.2.2 | 32.00 | OK | |||
r-release-macos-x86_64 | 1.2.2 | 69.00 | OK | |||
r-release-windows-x86_64 | 1.2.2 | 15.00 | 92.00 | 107.00 | OK | |
r-oldrel-macos-arm64 | 1.2.2 | 30.00 | OK | |||
r-oldrel-macos-x86_64 | 1.2.2 | 55.00 | OK | |||
r-oldrel-windows-x86_64 | 1.2.2 | 17.00 | 105.00 | 122.00 | OK |
Version: 1.2.2
Check: CRAN incoming feasibility
Result: NOTE
Maintainer: ‘Kevin Jakob <Kevin.Jakob.Research@gmail.com>’
No Authors@R field in DESCRIPTION.
Please add one, modifying
Authors@R: person(given = "Kevin",
family = "Jakob",
role = c("aut", "cre"),
email = "kevin.jakob.research@gmail.com")
as necessary.
Flavors: r-devel-linux-x86_64-debian-clang, r-devel-linux-x86_64-debian-gcc
Version: 1.2.2
Check: compiled code
Result: NOTE
File ‘GCPM/libs/GCPM.so’:
Found no calls to: ‘R_registerRoutines’, ‘R_useDynamicSymbols’
It is good practice to register native routines and to disable symbol
search.
See ‘Writing portable packages’ in the ‘Writing R Extensions’ manual.
Flavors: r-devel-linux-x86_64-fedora-clang, r-devel-linux-x86_64-fedora-gcc