Last updated on 2025-04-30 02:50:39 CEST.
Flavor | Version | Tinstall | Tcheck | Ttotal | Status | Flags |
---|---|---|---|---|---|---|
r-devel-linux-x86_64-debian-clang | 2.1 | 14.75 | 188.86 | 203.61 | NOTE | |
r-devel-linux-x86_64-debian-gcc | 2.1 | 7.87 | 128.59 | 136.46 | NOTE | |
r-devel-linux-x86_64-fedora-clang | 2.1 | 327.09 | OK | |||
r-devel-linux-x86_64-fedora-gcc | 2.1 | 319.35 | OK | |||
r-devel-windows-x86_64 | 2.1 | 19.00 | 196.00 | 215.00 | NOTE | |
r-patched-linux-x86_64 | 2.1 | 14.20 | 178.41 | 192.61 | NOTE | |
r-release-linux-x86_64 | 2.1 | 13.15 | 177.93 | 191.08 | NOTE | |
r-release-macos-arm64 | 2.1 | 79.00 | OK | |||
r-release-macos-x86_64 | 2.1 | 169.00 | OK | |||
r-release-windows-x86_64 | 2.1 | 20.00 | 200.00 | 220.00 | NOTE | |
r-oldrel-macos-arm64 | 2.1 | 85.00 | OK | |||
r-oldrel-macos-x86_64 | 2.1 | 123.00 | OK | |||
r-oldrel-windows-x86_64 | 2.1 | 24.00 | 271.00 | 295.00 | OK |
Version: 2.1
Check: Rd cross-references
Result: NOTE
Found the following Rd file(s) with Rd \link{} targets missing package
anchors:
angles.csa.Rd: MCA
dimdescr.Rd: dimdesc
medoids.Rd: cluster, pam
modif.rate.Rd: MCA
Please provide package anchors for all Rd \link{} targets not in the
package itself and the base packages.
Flavors: r-devel-linux-x86_64-debian-clang, r-devel-linux-x86_64-debian-gcc, r-devel-windows-x86_64, r-patched-linux-x86_64, r-release-linux-x86_64, r-release-windows-x86_64
Version: 2.1
Check: examples
Result: NOTE
Examples with CPU (user + system) or elapsed time > 5s
user system elapsed
multiMCA 5.300 0.028 6.861
plot.multiMCA 5.034 0.020 6.179
DAQ 4.028 0.078 5.077
Flavor: r-devel-linux-x86_64-debian-clang