Last updated on 2024-05-21 02:02:03 CEST.
Flavor | Version | Tinstall | Tcheck | Ttotal | Status | Flags |
---|---|---|---|---|---|---|
r-devel-linux-x86_64-debian-clang | 1.1.5 | 172.84 | 64.94 | 237.78 | NOTE | |
r-devel-linux-x86_64-debian-gcc | 1.1.5 | 147.87 | 49.69 | 197.56 | NOTE | |
r-devel-linux-x86_64-fedora-clang | 1.1.5 | 344.03 | NOTE | |||
r-devel-linux-x86_64-fedora-gcc | 1.1.5 | 394.02 | NOTE | |||
r-devel-windows-x86_64 | 1.1.5 | 152.00 | 99.00 | 251.00 | NOTE | |
r-patched-linux-x86_64 | 1.1.5 | 187.67 | 66.95 | 254.62 | NOTE | |
r-release-linux-x86_64 | 1.1.5 | 181.41 | 66.07 | 247.48 | NOTE | |
r-release-macos-arm64 | 1.1.5 | 80.00 | NOTE | |||
r-release-windows-x86_64 | 1.1.5 | 149.00 | 96.00 | 245.00 | NOTE | |
r-oldrel-macos-arm64 | 1.1.5 | 91.00 | NOTE | |||
r-oldrel-macos-x86_64 | 1.1.5 | 171.00 | NOTE | |||
r-oldrel-windows-x86_64 | 1.1.5 | 182.00 | 109.00 | 291.00 | NOTE |
Version: 1.1.5
Check: C++ specification
Result: NOTE
Specified C++11: please drop specification unless essential
Flavors: r-devel-linux-x86_64-debian-clang, r-devel-linux-x86_64-debian-gcc, r-devel-linux-x86_64-fedora-clang, r-devel-linux-x86_64-fedora-gcc, r-devel-windows-x86_64, r-patched-linux-x86_64, r-release-linux-x86_64, r-release-macos-arm64, r-release-windows-x86_64, r-oldrel-macos-arm64, r-oldrel-macos-x86_64, r-oldrel-windows-x86_64
Version: 1.1.5
Check: for GNU extensions in Makefiles
Result: NOTE
GNU make is a SystemRequirements.
Flavors: r-devel-linux-x86_64-debian-clang, r-devel-linux-x86_64-debian-gcc, r-devel-linux-x86_64-fedora-clang, r-devel-linux-x86_64-fedora-gcc, r-devel-windows-x86_64, r-patched-linux-x86_64, r-release-linux-x86_64, r-release-macos-arm64, r-release-windows-x86_64, r-oldrel-macos-arm64, r-oldrel-macos-x86_64, r-oldrel-windows-x86_64
Version: 1.1.5
Check: installed package size
Result: NOTE
installed size is 9.6Mb
sub-directories of 1Mb or more:
libs 9.5Mb
Flavors: r-release-macos-arm64, r-oldrel-macos-arm64, r-oldrel-macos-x86_64