Last updated on 2025-05-01 01:49:33 CEST.
Flavor | Version | Tinstall | Tcheck | Ttotal | Status | Flags |
---|---|---|---|---|---|---|
r-devel-linux-x86_64-debian-clang | 1.0.2.1 | 14.61 | 101.81 | 116.42 | NOTE | |
r-devel-linux-x86_64-debian-gcc | 1.0.2.1 | 9.85 | 68.80 | 78.65 | NOTE | |
r-devel-linux-x86_64-fedora-clang | 1.0.2.1 | 181.07 | NOTE | |||
r-devel-linux-x86_64-fedora-gcc | 1.0.2.1 | 183.28 | NOTE | |||
r-devel-windows-x86_64 | 1.0.2.1 | 16.00 | 117.00 | 133.00 | OK | |
r-patched-linux-x86_64 | 1.0.2.1 | 15.36 | 96.02 | 111.38 | OK | |
r-release-linux-x86_64 | 1.0.2.1 | 14.49 | 95.18 | 109.67 | OK | |
r-release-macos-arm64 | 1.0.2.1 | 59.00 | OK | |||
r-release-macos-x86_64 | 1.0.2.1 | 129.00 | OK | |||
r-release-windows-x86_64 | 1.0.2.1 | 16.00 | 118.00 | 134.00 | OK | |
r-oldrel-macos-arm64 | 1.0.2.1 | 54.00 | OK | |||
r-oldrel-macos-x86_64 | 1.0.2.1 | 83.00 | OK | |||
r-oldrel-windows-x86_64 | 1.0.2.1 | 22.00 | 150.00 | 172.00 | OK |
Version: 1.0.2.1
Check: CRAN incoming feasibility
Result: NOTE
Maintainer: ‘Chrystian Camilo Sosa <ccsosaa@javerianacali.edu.co>’
Package has help file(s) containing later-stage \Sexpr{} expressions
but no 'build/stage23.rdb' file.
Flavors: r-devel-linux-x86_64-debian-clang, r-devel-linux-x86_64-debian-gcc
Version: 1.0.2.1
Check: examples
Result: NOTE
Examples with CPU (user + system) or elapsed time > 5s
user system elapsed
graphGOspecies 0.054 0.016 13.965
graph_two_GOspecies 0.029 0.008 14.372
Flavor: r-devel-linux-x86_64-debian-clang
Version: 1.0.2.1
Check: examples
Result: NA
user system elapsed
graphGOspecies 0.042 0.016 9.956
graph_two_GOspecies 0.028 0.009 9.015
OK
Flavor: r-devel-linux-x86_64-debian-gcc
Version: 1.0.2.1
Check: dependencies in R code
Result: NOTE
Namespaces in Imports field not imported from:
‘base’ ‘methods’
All declared Imports should be used.
Flavors: r-devel-linux-x86_64-fedora-clang, r-devel-linux-x86_64-fedora-gcc