Last updated on 2025-05-01 01:49:32 CEST.
Flavor | Version | Tinstall | Tcheck | Ttotal | Status | Flags |
---|---|---|---|---|---|---|
r-devel-linux-x86_64-debian-clang | 1.0.0 | 9.65 | 153.44 | 163.09 | NOTE | |
r-devel-linux-x86_64-debian-gcc | 1.0.0 | 6.68 | 106.45 | 113.13 | OK | |
r-devel-linux-x86_64-fedora-clang | 1.0.0 | 270.38 | OK | |||
r-devel-linux-x86_64-fedora-gcc | 1.0.0 | 279.39 | OK | |||
r-devel-windows-x86_64 | 1.0.0 | 11.00 | 149.00 | 160.00 | OK | |
r-patched-linux-x86_64 | 1.0.0 | 9.84 | 143.99 | 153.83 | OK | |
r-release-linux-x86_64 | 1.0.0 | 8.82 | 144.17 | 152.99 | OK | |
r-release-macos-arm64 | 1.0.0 | 75.00 | OK | |||
r-release-macos-x86_64 | 1.0.0 | 146.00 | OK | |||
r-release-windows-x86_64 | 1.0.0 | 12.00 | 150.00 | 162.00 | OK | |
r-oldrel-macos-arm64 | 1.0.0 | 75.00 | OK | |||
r-oldrel-macos-x86_64 | 1.0.0 | 168.00 | OK | |||
r-oldrel-windows-x86_64 | 1.0.0 | 14.00 | 196.00 | 210.00 | OK |
Version: 1.0.0
Check: examples
Result: NOTE
Examples with CPU (user + system) or elapsed time > 5s
user system elapsed
GaussSuppressionTwoWay 6.192 0.021 7.439
Flavor: r-devel-linux-x86_64-debian-clang