Last updated on 2024-05-21 02:02:03 CEST.
Flavor | Version | Tinstall | Tcheck | Ttotal | Status | Flags |
---|---|---|---|---|---|---|
r-devel-linux-x86_64-debian-clang | 1.2.6 | 76.15 | 143.62 | 219.77 | NOTE | |
r-devel-linux-x86_64-debian-gcc | 1.2.6 | 55.32 | 117.34 | 172.66 | NOTE | |
r-devel-linux-x86_64-fedora-clang | 1.2.6 | 467.80 | NOTE | |||
r-devel-linux-x86_64-fedora-gcc | 1.2.6 | 511.17 | NOTE | |||
r-devel-windows-x86_64 | 1.2.6 | 66.00 | 147.00 | 213.00 | NOTE | |
r-patched-linux-x86_64 | 1.2.6 | 70.52 | 144.01 | 214.53 | NOTE | |
r-release-linux-x86_64 | 1.2.6 | 69.75 | 140.55 | 210.30 | NOTE | |
r-release-macos-arm64 | 1.2.6 | 101.00 | NOTE | |||
r-release-windows-x86_64 | 1.2.6 | 62.00 | 144.00 | 206.00 | NOTE | |
r-oldrel-macos-arm64 | 1.2.6 | 254.00 | NOTE | |||
r-oldrel-macos-x86_64 | 1.2.6 | 89.00 | NOTE | |||
r-oldrel-windows-x86_64 | 1.2.6 | 72.00 | 159.00 | 231.00 | NOTE |
Version: 1.2.6
Check: for GNU extensions in Makefiles
Result: NOTE
GNU make is a SystemRequirements.
Flavors: r-devel-linux-x86_64-debian-clang, r-devel-linux-x86_64-debian-gcc, r-devel-linux-x86_64-fedora-clang, r-devel-linux-x86_64-fedora-gcc, r-devel-windows-x86_64, r-patched-linux-x86_64, r-release-linux-x86_64, r-release-macos-arm64, r-release-windows-x86_64, r-oldrel-macos-arm64, r-oldrel-macos-x86_64, r-oldrel-windows-x86_64