Last updated on 2024-05-21 02:02:03 CEST.
Flavor | Version | Tinstall | Tcheck | Ttotal | Status | Flags |
---|---|---|---|---|---|---|
r-devel-linux-x86_64-debian-clang | 1.0.1 | 6.08 | 71.87 | 77.95 | NOTE | |
r-devel-linux-x86_64-debian-gcc | 1.0.1 | 6.00 | 53.01 | 59.01 | NOTE | |
r-devel-linux-x86_64-fedora-clang | 1.0.1 | 99.11 | NOTE | |||
r-devel-linux-x86_64-fedora-gcc | 1.0.1 | 93.06 | NOTE | |||
r-devel-windows-x86_64 | 1.0.1 | 8.00 | 76.00 | 84.00 | OK | |
r-patched-linux-x86_64 | 1.0.1 | 13.49 | 70.27 | 83.76 | NOTE | |
r-release-linux-x86_64 | 1.0.1 | 7.50 | 72.25 | 79.75 | NOTE | |
r-release-macos-arm64 | 1.0.1 | 34.00 | OK | |||
r-release-macos-x86_64 | 1.0.1 | 81.00 | OK | |||
r-release-windows-x86_64 | 1.0.1 | 7.00 | 76.00 | 83.00 | OK | |
r-oldrel-macos-arm64 | 1.0.1 | 37.00 | OK | |||
r-oldrel-macos-x86_64 | 1.0.1 | 58.00 | OK | |||
r-oldrel-windows-x86_64 | 1.0.1 | 9.00 | 90.00 | 99.00 | OK |
Version: 1.0.1
Check: for non-standard things in the check directory
Result: NOTE
Found the following files/directories:
‘Pictures_analyzed’ ‘cutoff_vals’ ‘cutoff_vals1’ ‘gina_cran.JPG’
Flavors: r-devel-linux-x86_64-debian-clang, r-devel-linux-x86_64-debian-gcc, r-devel-linux-x86_64-fedora-clang, r-devel-linux-x86_64-fedora-gcc, r-patched-linux-x86_64, r-release-linux-x86_64