Last updated on 2025-02-06 01:49:12 CET.
Flavor | Version | Tinstall | Tcheck | Ttotal | Status | Flags |
---|---|---|---|---|---|---|
r-devel-linux-x86_64-debian-clang | 2.2.1 | 18.25 | 64.51 | 82.76 | NOTE | |
r-devel-linux-x86_64-debian-gcc | 2.2.1 | 12.21 | 48.04 | 60.25 | NOTE | |
r-devel-linux-x86_64-fedora-clang | 2.2.1 | 149.30 | NOTE | |||
r-devel-linux-x86_64-fedora-gcc | 2.2.1 | 145.23 | NOTE | |||
r-devel-windows-x86_64 | 2.2.1 | 19.00 | 85.00 | 104.00 | NOTE | |
r-patched-linux-x86_64 | 2.2.1 | 17.83 | 61.28 | 79.11 | OK | |
r-release-linux-x86_64 | 2.2.1 | 19.22 | 60.72 | 79.94 | OK | |
r-release-macos-arm64 | 2.2.1 | 55.00 | OK | |||
r-release-macos-x86_64 | 2.2.1 | 125.00 | OK | |||
r-release-windows-x86_64 | 2.2.1 | 19.00 | 82.00 | 101.00 | OK | |
r-oldrel-macos-arm64 | 2.2.0 | 56.00 | OK | |||
r-oldrel-macos-x86_64 | 2.2.0 | 141.00 | OK | |||
r-oldrel-windows-x86_64 | 2.2.1 | 24.00 | 96.00 | 120.00 | OK |
Version: 2.2.1
Check: DESCRIPTION meta-information
Result: NOTE
Missing dependency on R >= 4.1.0 because package code uses the pipe
|> or function shorthand \(...) syntax added in R 4.1.0.
File(s) using such syntax:
‘EngineGraphQLGitHub.R’ ‘EngineGraphQLGitLab.R’ ‘EngineRestGitHub.R’
‘EngineRestGitLab.R’ ‘GitHost.R’ ‘GitHostGitHub.R’ ‘GitHostGitLab.R’
‘GitStats.R’ ‘get_commits.R’
Flavors: r-devel-linux-x86_64-debian-clang, r-devel-linux-x86_64-debian-gcc, r-devel-linux-x86_64-fedora-clang, r-devel-linux-x86_64-fedora-gcc, r-devel-windows-x86_64