Last updated on 2025-10-27 02:49:26 CET.
| Flavor | Version | Tinstall | Tcheck | Ttotal | Status | Flags |
|---|---|---|---|---|---|---|
| r-devel-linux-x86_64-debian-clang | 0.0.5 | 28.26 | 222.98 | 251.24 | OK | |
| r-devel-linux-x86_64-debian-gcc | 0.0.5 | 18.68 | 161.63 | 180.31 | OK | |
| r-devel-linux-x86_64-fedora-clang | 0.0.5 | 68.00 | NOTE | |||
| r-devel-linux-x86_64-fedora-gcc | 0.0.5 | 134.00 | 270.82 | 404.82 | OK | |
| r-devel-windows-x86_64 | 0.0.5 | 28.00 | 186.00 | 214.00 | OK | |
| r-patched-linux-x86_64 | 0.0.5 | 26.27 | 210.72 | 236.99 | OK | |
| r-release-linux-x86_64 | 0.0.5 | 23.20 | 212.28 | 235.48 | OK | |
| r-release-macos-arm64 | 0.0.5 | 12.00 | 79.00 | 91.00 | OK | |
| r-release-macos-x86_64 | 0.0.5 | 26.00 | 162.00 | 188.00 | OK | |
| r-release-windows-x86_64 | 0.0.5 | 29.00 | 192.00 | 221.00 | OK | |
| r-oldrel-macos-arm64 | 0.0.5 | 12.00 | 84.00 | 96.00 | OK | |
| r-oldrel-macos-x86_64 | 0.0.5 | 18.00 | 130.00 | 148.00 | OK | |
| r-oldrel-windows-x86_64 | 0.0.5 | 39.00 | 258.00 | 297.00 | OK |
Version: 0.0.5
Check: foreign function calls
Result: NOTE
Error: there is no package called ‘Seqinfo’
Call sequence:
20: doWithOneRestart(return(expr), restart)
19: withOneRestart(expr, restarts[[1L]])
18: withRestarts(stop(cond), retry_loadNamespace = function() NULL)
17: loadNamespace(i, c(lib.loc, .libPaths()), versionCheck = vI[[i]])
16: namespaceImport(ns, loadNamespace(i, c(lib.loc, .libPaths()),
versionCheck = vI[[i]]), from = package)
15: loadNamespace(j <- i[[1L]], c(lib.loc, .libPaths()), versionCheck = vI[[j]])
14: asNamespace(ns)
13: namespaceImportFrom(ns, loadNamespace(j <- i[[1L]], c(lib.loc,
.libPaths()), versionCheck = vI[[j]]), i[[2L]], from = package)
12: loadNamespace(j <- i[[1L]], c(lib.loc, .libPaths()), versionCheck = vI[[j]])
11: asNamespace(ns)
10: namespaceImportFrom(ns, loadNamespace(j <- i[[1L]], c(lib.loc,
.libPaths()), versionCheck = vI[[j]]), i[[2L]], from = package)
9: loadNamespace(j <- i[[1L]], c(lib.loc, .libPaths()), versionCheck = vI[[j]])
8: asNamespace(ns)
7: namespaceImpor
Execution halted
See chapter ‘System and foreign language interfaces’ in the ‘Writing R
Extensions’ manual.
Flavor: r-devel-linux-x86_64-fedora-clang
Version: 0.0.5
Check: R code for possible problems
Result: NOTE
Error in loadNamespace(i, c(lib.loc, .libPaths()), versionCheck = vI[[i]]) :
there is no package called ‘Seqinfo’
Calls: <Anonymous>
Execution halted
Flavor: r-devel-linux-x86_64-fedora-clang