Last updated on 2025-05-06 02:50:21 CEST.
Flavor | Version | Tinstall | Tcheck | Ttotal | Status | Flags |
---|---|---|---|---|---|---|
r-devel-linux-x86_64-debian-clang | 0.1.1 | 6.95 | 58.13 | 65.08 | NOTE | |
r-devel-linux-x86_64-debian-gcc | 0.1.1 | 5.20 | 43.59 | 48.79 | NOTE | |
r-devel-linux-x86_64-fedora-clang | 0.1.1 | 103.30 | OK | |||
r-devel-linux-x86_64-fedora-gcc | 0.1.1 | 97.02 | OK | |||
r-devel-windows-x86_64 | 0.1.1 | 7.00 | 75.00 | 82.00 | OK | |
r-patched-linux-x86_64 | 0.1.1 | 6.71 | 56.34 | 63.05 | OK | |
r-release-linux-x86_64 | 0.1.1 | 6.30 | 56.03 | 62.33 | OK | |
r-release-macos-arm64 | 0.1.1 | 40.00 | OK | |||
r-release-macos-x86_64 | 0.1.1 | 57.00 | OK | |||
r-release-windows-x86_64 | 0.1.1 | 7.00 | 74.00 | 81.00 | OK | |
r-oldrel-macos-arm64 | 0.1.1 | 31.00 | OK | |||
r-oldrel-macos-x86_64 | 0.1.1 | 51.00 | OK | |||
r-oldrel-windows-x86_64 | 0.1.1 | 10.00 | 88.00 | 98.00 | OK |
Version: 0.1.1
Check: CRAN incoming feasibility
Result: NOTE
Maintainer: ‘Ran Zhao <Zhaoran@mail.sdu.edu.cn>’
The Description field contains
al. (2023) <arXiv:2306.03317>. In this package, we also provide the
Please refer to arXiv e-prints via their arXiv DOI <doi:10.48550/arXiv.YYMM.NNNNN>.
Flavors: r-devel-linux-x86_64-debian-clang, r-devel-linux-x86_64-debian-gcc