Last updated on 2025-05-01 01:49:33 CEST.
Flavor | Version | Tinstall | Tcheck | Ttotal | Status | Flags |
---|---|---|---|---|---|---|
r-devel-linux-x86_64-debian-clang | 1.1.3 | 42.30 | 336.19 | 378.49 | NOTE | |
r-devel-linux-x86_64-debian-gcc | 1.1.3 | 30.76 | 238.86 | 269.62 | OK | |
r-devel-linux-x86_64-fedora-clang | 1.1.3 | 618.59 | OK | |||
r-devel-linux-x86_64-fedora-gcc | 1.1.3 | 602.13 | OK | |||
r-devel-windows-x86_64 | 1.1.3 | 28.00 | 223.00 | 251.00 | OK | |
r-patched-linux-x86_64 | 1.1.3 | 37.34 | 318.08 | 355.42 | OK | |
r-release-linux-x86_64 | 1.1.3 | 36.94 | 312.91 | 349.85 | OK | |
r-release-macos-arm64 | 1.1.3 | 488.00 | OK | |||
r-release-macos-x86_64 | 1.1.3 | 368.00 | OK | |||
r-release-windows-x86_64 | 1.1.3 | 28.00 | 229.00 | 257.00 | OK | |
r-oldrel-macos-arm64 | 1.1.3 | 278.00 | OK | |||
r-oldrel-macos-x86_64 | 1.1.3 | 312.00 | OK | |||
r-oldrel-windows-x86_64 | 1.1.3 | 36.00 | 291.00 | 327.00 | OK |
Version: 1.1.3
Check: examples
Result: NOTE
Examples with CPU (user + system) or elapsed time > 5s
user system elapsed
circ.boot.bw 4.972 0.243 6.791
Flavor: r-devel-linux-x86_64-debian-clang