Last updated on 2024-05-21 02:02:04 CEST.
Flavor | Version | Tinstall | Tcheck | Ttotal | Status | Flags |
---|---|---|---|---|---|---|
r-devel-linux-x86_64-debian-clang | 1.0.0 | 1.84 | 20.10 | 21.94 | NOTE | |
r-devel-linux-x86_64-debian-gcc | 1.0.0 | 1.57 | 15.92 | 17.49 | NOTE | |
r-devel-linux-x86_64-fedora-clang | 1.0.0 | 28.19 | NOTE | |||
r-devel-linux-x86_64-fedora-gcc | 1.0.0 | 26.43 | NOTE | |||
r-devel-windows-x86_64 | 1.0.0 | 2.00 | 34.00 | 36.00 | NOTE | |
r-patched-linux-x86_64 | 1.0.0 | 1.28 | 19.58 | 20.86 | NOTE | |
r-release-linux-x86_64 | 1.0.0 | 2.02 | 19.17 | 21.19 | NOTE | |
r-release-macos-arm64 | 1.0.0 | 13.00 | NOTE | |||
r-release-windows-x86_64 | 1.0.0 | 2.00 | 34.00 | 36.00 | NOTE | |
r-oldrel-macos-arm64 | 1.0.0 | 14.00 | NOTE | |||
r-oldrel-macos-x86_64 | 1.0.0 | 18.00 | NOTE | |||
r-oldrel-windows-x86_64 | 1.0.0 | 4.00 | 33.00 | 37.00 | NOTE |
Version: 1.0.0
Check: LazyData
Result: NOTE
'LazyData' is specified without a 'data' directory
Flavors: r-devel-linux-x86_64-debian-clang, r-devel-linux-x86_64-debian-gcc, r-devel-linux-x86_64-fedora-clang, r-devel-linux-x86_64-fedora-gcc, r-devel-windows-x86_64, r-patched-linux-x86_64, r-release-linux-x86_64, r-release-macos-arm64, r-release-windows-x86_64, r-oldrel-macos-arm64, r-oldrel-macos-x86_64, r-oldrel-windows-x86_64