Last updated on 2024-05-21 02:02:04 CEST.
Flavor | Version | Tinstall | Tcheck | Ttotal | Status | Flags |
---|---|---|---|---|---|---|
r-devel-linux-x86_64-debian-clang | 0.5.0 | 108.61 | 296.23 | 404.84 | NOTE | |
r-devel-linux-x86_64-debian-gcc | 0.5.0 | 88.43 | 220.45 | 308.88 | NOTE | |
r-devel-linux-x86_64-fedora-clang | 0.5.0 | 537.51 | NOTE | |||
r-devel-linux-x86_64-fedora-gcc | 0.5.0 | 537.12 | NOTE | |||
r-devel-windows-x86_64 | 0.5.0 | 88.00 | 242.00 | 330.00 | NOTE | |
r-patched-linux-x86_64 | 0.5.0 | 92.65 | 284.46 | 377.11 | NOTE | |
r-release-linux-x86_64 | 0.5.0 | 98.88 | 288.17 | 387.05 | NOTE | |
r-release-macos-arm64 | 0.5.0 | 138.00 | NOTE | |||
r-release-windows-x86_64 | 0.5.0 | 89.00 | 237.00 | 326.00 | NOTE | |
r-oldrel-macos-arm64 | 0.5.0 | 155.00 | NOTE | |||
r-oldrel-macos-x86_64 | 0.5.0 | 260.00 | NOTE | |||
r-oldrel-windows-x86_64 | 0.5.0 | 107.00 | 311.00 | 418.00 | NOTE |
Version: 0.5.0
Check: C++ specification
Result: NOTE
Specified C++11: please drop specification unless essential
Flavors: r-devel-linux-x86_64-debian-clang, r-devel-linux-x86_64-debian-gcc, r-devel-linux-x86_64-fedora-clang, r-devel-linux-x86_64-fedora-gcc, r-devel-windows-x86_64, r-patched-linux-x86_64, r-release-linux-x86_64, r-release-macos-arm64, r-release-windows-x86_64, r-oldrel-macos-arm64, r-oldrel-macos-x86_64, r-oldrel-windows-x86_64