Last updated on 2025-02-07 02:48:31 CET.
Flavor | Version | Tinstall | Tcheck | Ttotal | Status | Flags |
---|---|---|---|---|---|---|
r-devel-linux-x86_64-debian-clang | 1.2.4 | 3.77 | 108.31 | 112.08 | OK | |
r-devel-linux-x86_64-debian-gcc | 1.2.4 | 2.75 | 80.10 | 82.85 | OK | |
r-devel-linux-x86_64-fedora-clang | 1.2.4 | 187.16 | NOTE | |||
r-devel-linux-x86_64-fedora-gcc | 1.2.4 | 193.36 | NOTE | |||
r-devel-windows-x86_64 | 1.2.4 | 6.00 | 148.00 | 154.00 | OK | |
r-patched-linux-x86_64 | 1.2.4 | 4.08 | 102.91 | 106.99 | OK | |
r-release-linux-x86_64 | 1.2.4 | 2.59 | 103.48 | 106.07 | OK | |
r-release-macos-arm64 | 1.2.4 | 61.00 | OK | |||
r-release-macos-x86_64 | 1.2.4 | 90.00 | OK | |||
r-release-windows-x86_64 | 1.2.4 | 5.00 | 147.00 | 152.00 | OK | |
r-oldrel-macos-arm64 | 1.2.4 | 67.00 | OK | |||
r-oldrel-macos-x86_64 | 1.2.4 | 174.00 | OK | |||
r-oldrel-windows-x86_64 | 1.2.4 | 7.00 | 173.00 | 180.00 | OK |
Version: 1.2.4
Check: dependencies in R code
Result: NOTE
Namespaces in Imports field not imported from:
‘recipes’ ‘tune’
All declared Imports should be used.
Flavors: r-devel-linux-x86_64-fedora-clang, r-devel-linux-x86_64-fedora-gcc