Last updated on 2025-11-16 01:49:18 CET.
| Flavor | Version | Tinstall | Tcheck | Ttotal | Status | Flags |
|---|---|---|---|---|---|---|
| r-devel-linux-x86_64-debian-clang | 3.3-7 | 24.70 | 177.64 | 202.34 | OK | |
| r-devel-linux-x86_64-debian-gcc | 3.3-7 | 15.35 | 120.02 | 135.37 | NOTE | |
| r-devel-linux-x86_64-fedora-clang | 3.3-7 | 108.00 | 231.02 | 339.02 | OK | |
| r-devel-linux-x86_64-fedora-gcc | 3.3-7 | 60.00 | 252.01 | 312.01 | OK | |
| r-devel-windows-x86_64 | 3.3-7 | 28.00 | 160.00 | 188.00 | OK | |
| r-patched-linux-x86_64 | 3.3-7 | 22.31 | 167.71 | 190.02 | OK | |
| r-release-linux-x86_64 | 3.3-7 | 23.50 | 169.75 | 193.25 | OK | |
| r-release-macos-arm64 | 3.3-7 | 11.00 | 106.00 | 117.00 | OK | |
| r-release-macos-x86_64 | 3.3-7 | 24.00 | 173.00 | 197.00 | OK | |
| r-release-windows-x86_64 | 3.3-7 | 26.00 | 159.00 | 185.00 | OK | |
| r-oldrel-macos-arm64 | 3.3-7 | 10.00 | 72.00 | 82.00 | OK | |
| r-oldrel-macos-x86_64 | 3.3-7 | 26.00 | 176.00 | 202.00 | OK | |
| r-oldrel-windows-x86_64 | 3.3-7 | 40.00 | 209.00 | 249.00 | OK |
Version: 3.3-7
Check: CRAN incoming feasibility
Result: NOTE
Maintainer: ‘Otso Ovaskainen <otso.t.ovaskainen@jyu.fi>’
The BugReports field in DESCRIPTION has
https://github.com/hmsc-r/HMSC/issues/
which should likely be
https://github.com/hmsc-r/HMSC/issues/issues
instead.
Flavor: r-devel-linux-x86_64-debian-gcc