Last updated on 2025-05-06 02:50:21 CEST.
Flavor | Version | Tinstall | Tcheck | Ttotal | Status | Flags |
---|---|---|---|---|---|---|
r-devel-linux-x86_64-debian-clang | 1.1.5 | 2.55 | 22.86 | 25.41 | NOTE | |
r-devel-linux-x86_64-debian-gcc | 1.1.5 | 1.84 | 17.73 | 19.57 | NOTE | |
r-devel-linux-x86_64-fedora-clang | 1.1.5 | 38.54 | OK | |||
r-devel-linux-x86_64-fedora-gcc | 1.1.5 | 37.00 | OK | |||
r-devel-windows-x86_64 | 1.1.5 | 3.00 | 44.00 | 47.00 | OK | |
r-patched-linux-x86_64 | 1.1.5 | 2.64 | 22.20 | 24.84 | OK | |
r-release-linux-x86_64 | 1.1.5 | 2.47 | 22.02 | 24.49 | OK | |
r-release-macos-arm64 | 1.1.5 | 16.00 | OK | |||
r-release-macos-x86_64 | 1.1.5 | 27.00 | OK | |||
r-release-windows-x86_64 | 1.1.5 | 4.00 | 44.00 | 48.00 | OK | |
r-oldrel-macos-arm64 | 1.1.5 | 15.00 | OK | |||
r-oldrel-macos-x86_64 | 1.1.5 | 26.00 | OK | |||
r-oldrel-windows-x86_64 | 1.1.5 | 3.00 | 48.00 | 51.00 | OK |
Version: 1.1.5
Check: CRAN incoming feasibility
Result: NOTE
Maintainer: ‘Adam Kapelner <kapelner@qc.cuny.edu>’
No Authors@R field in DESCRIPTION.
Please add one, modifying
Authors@R: c(person(given = "Alex",
family = "Goldstein",
role = "aut"),
person(given = "Adam",
family = "Kapelner",
role = c("aut", "cre"),
email = "kapelner@qc.cuny.edu"),
person(given = "Justin",
family = "Bleich",
role = "aut"))
as necessary.
Package CITATION file contains call(s) to old-style personList() or
as.personList(). Please use c() on person objects instead.
Package CITATION file contains call(s) to old-style citEntry(). Please
use bibentry() instead.
Flavors: r-devel-linux-x86_64-debian-clang, r-devel-linux-x86_64-debian-gcc