Last updated on 2025-02-20 01:50:35 CET.
Flavor | Version | Tinstall | Tcheck | Ttotal | Status | Flags |
---|---|---|---|---|---|---|
r-devel-linux-x86_64-debian-clang | 0.2.0 | 25.24 | 88.04 | 113.28 | NOTE | |
r-devel-linux-x86_64-debian-gcc | 0.2.0 | 16.58 | 58.56 | 75.14 | NOTE | |
r-devel-linux-x86_64-fedora-clang | 0.2.0 | 188.20 | NOTE | |||
r-devel-linux-x86_64-fedora-gcc | 0.2.0 | 184.09 | NOTE | |||
r-devel-macos-arm64 | 0.2.0 | 58.00 | NOTE | |||
r-devel-macos-x86_64 | 0.2.0 | 109.00 | NOTE | |||
r-devel-windows-x86_64 | 0.2.0 | 27.00 | 108.00 | 135.00 | NOTE | |
r-patched-linux-x86_64 | 0.2.0 | 23.64 | 77.73 | 101.37 | NOTE | |
r-release-linux-x86_64 | 0.2.0 | 22.04 | 78.43 | 100.47 | NOTE | |
r-release-macos-arm64 | 0.2.0 | 56.00 | NOTE | |||
r-release-macos-x86_64 | 0.2.0 | 82.00 | NOTE | |||
r-release-windows-x86_64 | 0.2.0 | 27.00 | 112.00 | 139.00 | NOTE | |
r-oldrel-macos-arm64 | 0.2.0 | 62.00 | NOTE | |||
r-oldrel-macos-x86_64 | 0.2.0 | 100.00 | NOTE | |||
r-oldrel-windows-x86_64 | 0.2.0 | 32.00 | 139.00 | 171.00 | NOTE |
Version: 0.2.0
Check: C++ specification
Result: NOTE
Specified C++11: please drop specification unless essential
Flavors: r-devel-linux-x86_64-debian-clang, r-devel-linux-x86_64-debian-gcc, r-devel-linux-x86_64-fedora-clang, r-devel-linux-x86_64-fedora-gcc, r-devel-macos-arm64, r-devel-macos-x86_64, r-devel-windows-x86_64, r-patched-linux-x86_64, r-release-linux-x86_64, r-release-macos-arm64, r-release-macos-x86_64, r-release-windows-x86_64, r-oldrel-macos-arm64, r-oldrel-macos-x86_64, r-oldrel-windows-x86_64