CRAN Package Check Results for Package IDEAFilter

Last updated on 2025-04-30 02:50:41 CEST.

Flavor Version Tinstall Tcheck Ttotal Status Flags
r-devel-linux-x86_64-debian-clang 0.2.0 7.33 65.12 72.45 NOTE
r-devel-linux-x86_64-debian-gcc 0.2.0 5.55 45.88 51.43 NOTE
r-devel-linux-x86_64-fedora-clang 0.2.0 111.71 OK
r-devel-linux-x86_64-fedora-gcc 0.2.0 118.12 OK
r-devel-windows-x86_64 0.2.0 8.00 86.00 94.00 NOTE
r-patched-linux-x86_64 0.2.0 7.10 61.04 68.14 NOTE
r-release-linux-x86_64 0.2.0 7.11 60.68 67.79 NOTE
r-release-macos-arm64 0.2.0 62.00 OK
r-release-macos-x86_64 0.2.0 71.00 OK
r-release-windows-x86_64 0.2.0 10.00 85.00 95.00 NOTE
r-oldrel-macos-arm64 0.2.0 40.00 OK
r-oldrel-macos-x86_64 0.2.0 59.00 OK
r-oldrel-windows-x86_64 0.2.0 11.00 100.00 111.00 OK

Check Details

Version: 0.2.0
Check: Rd cross-references
Result: NOTE Found the following Rd file(s) with Rd \link{} targets missing package anchors: filter_log_style.Rd: crayon Please provide package anchors for all Rd \link{} targets not in the package itself and the base packages. Flavors: r-devel-linux-x86_64-debian-clang, r-devel-linux-x86_64-debian-gcc, r-devel-windows-x86_64, r-patched-linux-x86_64, r-release-linux-x86_64, r-release-windows-x86_64