CRAN Package Check Results for Package IFP

Last updated on 2025-05-05 01:50:49 CEST.

Flavor Version Tinstall Tcheck Ttotal Status Flags
r-devel-linux-x86_64-debian-clang 0.2.4 26.46 139.35 165.81 NOTE
r-devel-linux-x86_64-debian-gcc 0.2.4 18.79 93.62 112.41 NOTE
r-devel-linux-x86_64-fedora-clang 0.2.4 253.57 NOTE
r-devel-linux-x86_64-fedora-gcc 0.2.4 262.18 NOTE
r-devel-windows-x86_64 0.2.4 31.00 135.00 166.00 OK
r-patched-linux-x86_64 0.2.4 25.11 128.65 153.76 OK
r-release-linux-x86_64 0.2.4 26.87 128.85 155.72 OK
r-release-macos-arm64 0.2.4 70.00 OK
r-release-macos-x86_64 0.2.4 119.00 OK
r-release-windows-x86_64 0.2.4 31.00 132.00 163.00 OK
r-oldrel-macos-arm64 0.2.4 63.00 OK
r-oldrel-macos-x86_64 0.2.4 94.00 OK
r-oldrel-windows-x86_64 0.2.4 42.00 166.00 208.00 OK

Check Details

Version: 0.2.4
Check: CRAN incoming feasibility
Result: NOTE Maintainer: ‘Leeyoung Park <lypark@yonsei.ac.kr>’ No Authors@R field in DESCRIPTION. Please add one, modifying Authors@R: c(person(given = "Park", family = "L", role = "aut"), person(given = "Leeyoung", family = "Park", role = "cre", email = "lypark@yonsei.ac.kr")) as necessary. Flavors: r-devel-linux-x86_64-debian-clang, r-devel-linux-x86_64-debian-gcc

Version: 0.2.4
Check: compiled code
Result: NOTE File ‘IFP/libs/IFP.so’: Found no calls to: ‘R_registerRoutines’, ‘R_useDynamicSymbols’ It is good practice to register native routines and to disable symbol search. See ‘Writing portable packages’ in the ‘Writing R Extensions’ manual. Flavors: r-devel-linux-x86_64-fedora-clang, r-devel-linux-x86_64-fedora-gcc