Last updated on 2025-11-15 03:50:14 CET.
| Flavor | Version | Tinstall | Tcheck | Ttotal | Status | Flags |
|---|---|---|---|---|---|---|
| r-devel-linux-x86_64-debian-clang | 1.2.2 | 5.43 | 37.91 | 43.34 | OK | |
| r-devel-linux-x86_64-debian-gcc | 1.2.2 | 4.01 | 30.48 | 34.49 | OK | |
| r-devel-linux-x86_64-fedora-clang | 1.2.2 | 20.00 | 45.14 | 65.14 | OK | |
| r-devel-linux-x86_64-fedora-gcc | 1.2.2 | 10.00 | 48.61 | 58.61 | OK | |
| r-devel-windows-x86_64 | 1.2.2 | 20.00 | 57.00 | 77.00 | OK | |
| r-patched-linux-x86_64 | 1.2.2 | 6.52 | 34.80 | 41.32 | OK | |
| r-release-linux-x86_64 | 1.2.2 | 5.49 | 34.81 | 40.30 | OK | |
| r-release-macos-arm64 | 1.2.2 | 3.00 | 23.00 | 26.00 | OK | |
| r-release-macos-x86_64 | 1.2.2 | 5.00 | 36.00 | 41.00 | OK | |
| r-release-windows-x86_64 | 1.2.2 | 7.00 | 56.00 | 63.00 | OK | |
| r-oldrel-macos-arm64 | 1.2.2 | 4.00 | 23.00 | 27.00 | NOTE | |
| r-oldrel-macos-x86_64 | 1.2.2 | 5.00 | 31.00 | 36.00 | NOTE | |
| r-oldrel-windows-x86_64 | 1.2.2 | 12.00 | 68.00 | 80.00 | OK |
Version: 1.2.2
Check: installed package size
Result: NOTE
installed size is 5.8Mb
sub-directories of 1Mb or more:
data 5.5Mb
Flavors: r-oldrel-macos-arm64, r-oldrel-macos-x86_64