Last updated on 2025-05-10 02:49:46 CEST.
Flavor | Version | Tinstall | Tcheck | Ttotal | Status | Flags |
---|---|---|---|---|---|---|
r-devel-linux-x86_64-debian-clang | 2.2.0 | 20.97 | 120.55 | 141.52 | NOTE | |
r-devel-linux-x86_64-debian-gcc | 2.2.0 | 12.34 | 79.27 | 91.61 | NOTE | |
r-devel-linux-x86_64-fedora-clang | 2.2.0 | 226.58 | OK | |||
r-devel-linux-x86_64-fedora-gcc | 2.2.0 | 243.83 | OK | |||
r-devel-windows-x86_64 | 2.2.0 | 21.00 | 120.00 | 141.00 | OK | |
r-patched-linux-x86_64 | 2.2.0 | 23.89 | 116.26 | 140.15 | OK | |
r-release-linux-x86_64 | 2.2.0 | 22.37 | 112.79 | 135.16 | OK | |
r-release-macos-arm64 | 2.2.0 | 75.00 | OK | |||
r-release-macos-x86_64 | 2.2.0 | 135.00 | OK | |||
r-release-windows-x86_64 | 2.2.0 | 23.00 | 119.00 | 142.00 | OK | |
r-oldrel-macos-arm64 | 2.2.0 | 57.00 | OK | |||
r-oldrel-macos-x86_64 | 2.2.0 | 95.00 | OK | |||
r-oldrel-windows-x86_64 | 2.2.0 | 36.00 | 146.00 | 182.00 | OK |
Version: 2.2.0
Check: CRAN incoming feasibility
Result: NOTE
Maintainer: ‘Keefe Murphy <keefe.murphy@mu.ie>’
The BugReports field in DESCRIPTION has
https://github.com/Keefe-Murphy/IMIFA
which should likely be
https://github.com/Keefe-Murphy/IMIFA/issues
instead.
Flavors: r-devel-linux-x86_64-debian-clang, r-devel-linux-x86_64-debian-gcc